{"id":116065,"date":"2022-02-18T17:20:52","date_gmt":"2022-02-18T16:20:56","guid":{"rendered":"https:\/\/www.laperlavalles.cat\/product\/ceba-fregida-aroy-d-227g\/"},"modified":"2024-11-28T10:40:32","modified_gmt":"2024-11-28T09:40:32","slug":"ceba-fregida-aroy-d-227g","status":"publish","type":"product","link":"https:\/\/www.laperlavalles.cat\/ca\/producte\/ceba-fregida-aroy-d-227g\/","title":{"rendered":"CEBA FREGIDA AROY-D 227G"},"content":{"rendered":"<p>Distribu\u00efm alimentaci\u00f3 oriental i alimentaci\u00f3 africana. Consulta al nostre cat\u00e0leg tots els productes: salses orientals, menjar oriental, begudes, sucs, infusions&#8230;<\/p>\n","protected":false},"excerpt":{"rendered":"<p>Distribu\u00efm alimentaci\u00f3 oriental i alimentaci\u00f3 africana. Consulta al nostre cat\u00e0leg tots els productes: salses orientals, menjar oriental, begudes, sucs, infusions&#8230;<\/p>\n","protected":false},"featured_media":143360,"comment_status":"open","ping_status":"closed","template":"","meta":[],"product_cat":[10617],"product_tag":[],"_links":{"self":[{"href":"https:\/\/www.laperlavalles.cat\/ca\/wp-json\/wp\/v2\/product\/116065"}],"collection":[{"href":"https:\/\/www.laperlavalles.cat\/ca\/wp-json\/wp\/v2\/product"}],"about":[{"href":"https:\/\/www.laperlavalles.cat\/ca\/wp-json\/wp\/v2\/types\/product"}],"replies":[{"embeddable":true,"href":"https:\/\/www.laperlavalles.cat\/ca\/wp-json\/wp\/v2\/comments?post=116065"}],"wp:featuredmedia":[{"embeddable":true,"href":"https:\/\/www.laperlavalles.cat\/ca\/wp-json\/wp\/v2\/media\/143360"}],"wp:attachment":[{"href":"https:\/\/www.laperlavalles.cat\/ca\/wp-json\/wp\/v2\/media?parent=116065"}],"wp:term":[{"taxonomy":"product_cat","embeddable":true,"href":"https:\/\/www.laperlavalles.cat\/ca\/wp-json\/wp\/v2\/product_cat?post=116065"},{"taxonomy":"product_tag","embeddable":true,"href":"https:\/\/www.laperlavalles.cat\/ca\/wp-json\/wp\/v2\/product_tag?post=116065"}],"curies":[{"name":"wp","href":"https:\/\/api.w.org\/{rel}","templated":true}]}}

<p>Distribuïm alimentació oriental i alimentació africana. Consulta al nostre catàleg tots els productes: salses orientals, menjar oriental, begudes, sucs, infusions&#8230;</p>
