{"id":117446,"date":"2022-02-18T19:07:33","date_gmt":"2022-02-18T18:07:38","guid":{"rendered":"https:\/\/www.laperlavalles.cat\/product\/kuza-indian-hemp-8oz\/"},"modified":"2023-04-06T16:53:53","modified_gmt":"2023-04-06T14:53:53","slug":"kuza-indian-hemp-8oz","status":"publish","type":"product","link":"https:\/\/www.laperlavalles.cat\/ca\/producte\/kuza-indian-hemp-8oz\/","title":{"rendered":"KUZA INDIAN HEMP 8OZ"},"content":{"rendered":"<p>Kuza indian hemp 8oz \u00e9s una crema hidratant i reparadora per als cabells texturitzats.<br \/>\n\u00c9s una vaselina per al cabell i el cuir cabellut espec\u00edficament formulat amb c\u00e0nem indi i olis (coco, ametlles dolces i alvocat) que treballen \u00e0rduament per suavitzar, suavitzar i segellar la humitat, promovent un cabell i un creixement m\u00e9s saludables.<br \/>\nLa Perla \u00e9s prove\u00efdor de productes cosm\u00e8tics per a pell i cabell, sobretot per a cabell curly.<\/p>\n","protected":false},"excerpt":{"rendered":"<p>Kuza indian hemp 8oz \u00e9s una crema hidratant i reparadora per als cabells texturitzats. \u00c9s una vaselina per al cabell i el cuir cabellut espec\u00edficament formulat<span class=\"excerpt-hellip\"> [\u2026]<\/span><\/p>\n","protected":false},"featured_media":144373,"comment_status":"open","ping_status":"closed","template":"","meta":[],"product_cat":[8423,24329],"product_tag":[],"_links":{"self":[{"href":"https:\/\/www.laperlavalles.cat\/ca\/wp-json\/wp\/v2\/product\/117446"}],"collection":[{"href":"https:\/\/www.laperlavalles.cat\/ca\/wp-json\/wp\/v2\/product"}],"about":[{"href":"https:\/\/www.laperlavalles.cat\/ca\/wp-json\/wp\/v2\/types\/product"}],"replies":[{"embeddable":true,"href":"https:\/\/www.laperlavalles.cat\/ca\/wp-json\/wp\/v2\/comments?post=117446"}],"wp:featuredmedia":[{"embeddable":true,"href":"https:\/\/www.laperlavalles.cat\/ca\/wp-json\/wp\/v2\/media\/144373"}],"wp:attachment":[{"href":"https:\/\/www.laperlavalles.cat\/ca\/wp-json\/wp\/v2\/media?parent=117446"}],"wp:term":[{"taxonomy":"product_cat","embeddable":true,"href":"https:\/\/www.laperlavalles.cat\/ca\/wp-json\/wp\/v2\/product_cat?post=117446"},{"taxonomy":"product_tag","embeddable":true,"href":"https:\/\/www.laperlavalles.cat\/ca\/wp-json\/wp\/v2\/product_tag?post=117446"}],"curies":[{"name":"wp","href":"https:\/\/api.w.org\/{rel}","templated":true}]}}

<p>Kuza indian hemp 8oz és una crema hidratant i reparadora per als cabells texturitzats.<br />
És una vaselina per al cabell i el cuir cabellut específicament formulat amb cànem indi i olis (coco, ametlles dolces i alvocat) que treballen àrduament per suavitzar, suavitzar i segellar la humitat, promovent un cabell i un creixement més saludables.<br />
La Perla és proveïdor de productes cosmètics per a pell i cabell, sobretot per a cabell curly.</p>

<p>Kuza indian hemp 8oz és una crema hidratant i reparadora per als cabells texturitzats. És una vaselina per al cabell i el cuir cabellut específicament formulat<span class="excerpt-hellip"> […]</span></p>
