{"id":118994,"date":"2022-05-20T12:19:49","date_gmt":"2022-05-20T10:19:54","guid":{"rendered":"https:\/\/www.laperlavalles.cat\/product\/cantu-acc-sturdy-detangle-comb\/"},"modified":"2024-11-21T16:02:26","modified_gmt":"2024-11-21T15:02:26","slug":"cantu-acc-sturdy-detangle-comb","status":"publish","type":"product","link":"https:\/\/www.laperlavalles.cat\/ca\/producte\/cantu-acc-sturdy-detangle-comb\/","title":{"rendered":"CANTU ACC STURDY DETANGLE COMB"},"content":{"rendered":"<p>Fet amb material durador i pr\u00e0ctic ganxo de dutxa per desembolicar amb facilitat.<br \/>\nDividiu els cabells en seccions. Comen\u00e7a per la part inferior i avan\u00e7a lentament fins a l&#8217;arrel. Repeteix el proc\u00e9s a cada secci\u00f3. Mai comenci a desenredar des de l&#8217;arrel cap avall, ja que es podria trencar<\/p>\n","protected":false},"excerpt":{"rendered":"<p>Fet amb material durador i pr\u00e0ctic ganxo de dutxa per desembolicar amb facilitat. Dividiu els cabells en seccions. Comen\u00e7a per la part inferior i avan\u00e7a lentament<span class=\"excerpt-hellip\"> [\u2026]<\/span><\/p>\n","protected":false},"featured_media":173766,"comment_status":"open","ping_status":"closed","template":"","meta":[],"product_cat":[10617],"product_tag":[],"_links":{"self":[{"href":"https:\/\/www.laperlavalles.cat\/ca\/wp-json\/wp\/v2\/product\/118994"}],"collection":[{"href":"https:\/\/www.laperlavalles.cat\/ca\/wp-json\/wp\/v2\/product"}],"about":[{"href":"https:\/\/www.laperlavalles.cat\/ca\/wp-json\/wp\/v2\/types\/product"}],"replies":[{"embeddable":true,"href":"https:\/\/www.laperlavalles.cat\/ca\/wp-json\/wp\/v2\/comments?post=118994"}],"wp:featuredmedia":[{"embeddable":true,"href":"https:\/\/www.laperlavalles.cat\/ca\/wp-json\/wp\/v2\/media\/173766"}],"wp:attachment":[{"href":"https:\/\/www.laperlavalles.cat\/ca\/wp-json\/wp\/v2\/media?parent=118994"}],"wp:term":[{"taxonomy":"product_cat","embeddable":true,"href":"https:\/\/www.laperlavalles.cat\/ca\/wp-json\/wp\/v2\/product_cat?post=118994"},{"taxonomy":"product_tag","embeddable":true,"href":"https:\/\/www.laperlavalles.cat\/ca\/wp-json\/wp\/v2\/product_tag?post=118994"}],"curies":[{"name":"wp","href":"https:\/\/api.w.org\/{rel}","templated":true}]}}

<p>Fet amb material durador i pràctic ganxo de dutxa per desembolicar amb facilitat.<br />
Dividiu els cabells en seccions. Comença per la part inferior i avança lentament fins a l&#8217;arrel. Repeteix el procés a cada secció. Mai comenci a desenredar des de l&#8217;arrel cap avall, ja que es podria trencar</p>

<p>Fet amb material durador i pràctic ganxo de dutxa per desembolicar amb facilitat. Dividiu els cabells en seccions. Comença per la part inferior i avança lentament<span class="excerpt-hellip"> […]</span></p>
