{"id":119094,"date":"2022-05-20T12:22:05","date_gmt":"2022-05-20T10:22:10","guid":{"rendered":"https:\/\/www.laperlavalles.cat\/product\/cantu-acc-sturdy-carbon-combs\/"},"modified":"2025-01-29T10:26:43","modified_gmt":"2025-01-29T09:26:43","slug":"cantu-acc-sturdy-carbon-combs","status":"publish","type":"product","link":"https:\/\/www.laperlavalles.cat\/ca\/producte\/cantu-acc-sturdy-carbon-combs\/","title":{"rendered":"CANTU ACC STURDY CARBON COMBS"},"content":{"rendered":"<p>Fabricat amb material de fibra de carboni durador que \u00e9s m\u00e9s lleuger i m\u00e9s fort que el pl\u00e0stic. A m\u00e9s, elimina lelectricitat est\u00e0tica.<br \/>\nAllisa els cabells des de les puntes fins a l&#8217;arrel. El material resistent a la calor en facilita l&#8217;\u00fas despr\u00e9s de la planxa o l&#8217;assecador per allisar el cabell<\/p>\n","protected":false},"excerpt":{"rendered":"<p>Fabricat amb material de fibra de carboni durador que \u00e9s m\u00e9s lleuger i m\u00e9s fort que el pl\u00e0stic. A m\u00e9s, elimina lelectricitat est\u00e0tica. Allisa els cabells<span class=\"excerpt-hellip\"> [\u2026]<\/span><\/p>\n","protected":false},"featured_media":173862,"comment_status":"open","ping_status":"closed","template":"","meta":[],"product_cat":[10617],"product_tag":[],"_links":{"self":[{"href":"https:\/\/www.laperlavalles.cat\/ca\/wp-json\/wp\/v2\/product\/119094"}],"collection":[{"href":"https:\/\/www.laperlavalles.cat\/ca\/wp-json\/wp\/v2\/product"}],"about":[{"href":"https:\/\/www.laperlavalles.cat\/ca\/wp-json\/wp\/v2\/types\/product"}],"replies":[{"embeddable":true,"href":"https:\/\/www.laperlavalles.cat\/ca\/wp-json\/wp\/v2\/comments?post=119094"}],"wp:featuredmedia":[{"embeddable":true,"href":"https:\/\/www.laperlavalles.cat\/ca\/wp-json\/wp\/v2\/media\/173862"}],"wp:attachment":[{"href":"https:\/\/www.laperlavalles.cat\/ca\/wp-json\/wp\/v2\/media?parent=119094"}],"wp:term":[{"taxonomy":"product_cat","embeddable":true,"href":"https:\/\/www.laperlavalles.cat\/ca\/wp-json\/wp\/v2\/product_cat?post=119094"},{"taxonomy":"product_tag","embeddable":true,"href":"https:\/\/www.laperlavalles.cat\/ca\/wp-json\/wp\/v2\/product_tag?post=119094"}],"curies":[{"name":"wp","href":"https:\/\/api.w.org\/{rel}","templated":true}]}}

<p>Fabricat amb material de fibra de carboni durador que és més lleuger i més fort que el plàstic. A més, elimina lelectricitat estàtica.<br />
Allisa els cabells des de les puntes fins a l&#8217;arrel. El material resistent a la calor en facilita l&#8217;ús després de la planxa o l&#8217;assecador per allisar el cabell</p>

<p>Fabricat amb material de fibra de carboni durador que és més lleuger i més fort que el plàstic. A més, elimina lelectricitat estàtica. Allisa els cabells<span class="excerpt-hellip"> […]</span></p>
