{"id":119314,"date":"2022-05-20T12:40:05","date_gmt":"2022-05-20T10:40:11","guid":{"rendered":"https:\/\/www.laperlavalles.cat\/product\/cantu-acc-microfiber-drying-cap\/"},"modified":"2025-01-29T10:21:20","modified_gmt":"2025-01-29T09:21:20","slug":"cantu-acc-microfiber-drying-cap","status":"publish","type":"product","link":"https:\/\/www.laperlavalles.cat\/ca\/producte\/cantu-acc-microfiber-drying-cap\/","title":{"rendered":"CANTU ACC MICROFIBER DRYING CAP"},"content":{"rendered":"<p>La Perla disposa d\u00b4una \u00e0mplia gamma de productes cosm\u00e8tics de la prestigiosa marca Cantu.<br \/>\nConsulta el nostre cat\u00e0leg per veure la gamma completa d&#8217;accessoris Cantu per als cabells especials per a cabells afros, cabells texturitzats i cabells arrissats: pintes per als cabells afros, raspalls per als cabells afros, turbants per als cabells&#8230;<\/p>\n","protected":false},"excerpt":{"rendered":"<p>La Perla disposa d\u00b4una \u00e0mplia gamma de productes cosm\u00e8tics de la prestigiosa marca Cantu. Consulta el nostre cat\u00e0leg per veure la gamma completa d&#8217;accessoris Cantu per<span class=\"excerpt-hellip\"> [\u2026]<\/span><\/p>\n","protected":false},"featured_media":173670,"comment_status":"open","ping_status":"closed","template":"","meta":[],"product_cat":[10617],"product_tag":[],"_links":{"self":[{"href":"https:\/\/www.laperlavalles.cat\/ca\/wp-json\/wp\/v2\/product\/119314"}],"collection":[{"href":"https:\/\/www.laperlavalles.cat\/ca\/wp-json\/wp\/v2\/product"}],"about":[{"href":"https:\/\/www.laperlavalles.cat\/ca\/wp-json\/wp\/v2\/types\/product"}],"replies":[{"embeddable":true,"href":"https:\/\/www.laperlavalles.cat\/ca\/wp-json\/wp\/v2\/comments?post=119314"}],"wp:featuredmedia":[{"embeddable":true,"href":"https:\/\/www.laperlavalles.cat\/ca\/wp-json\/wp\/v2\/media\/173670"}],"wp:attachment":[{"href":"https:\/\/www.laperlavalles.cat\/ca\/wp-json\/wp\/v2\/media?parent=119314"}],"wp:term":[{"taxonomy":"product_cat","embeddable":true,"href":"https:\/\/www.laperlavalles.cat\/ca\/wp-json\/wp\/v2\/product_cat?post=119314"},{"taxonomy":"product_tag","embeddable":true,"href":"https:\/\/www.laperlavalles.cat\/ca\/wp-json\/wp\/v2\/product_tag?post=119314"}],"curies":[{"name":"wp","href":"https:\/\/api.w.org\/{rel}","templated":true}]}}

<p>La Perla disposa d´una àmplia gamma de productes cosmètics de la prestigiosa marca Cantu.<br />
Consulta el nostre catàleg per veure la gamma completa d&#8217;accessoris Cantu per als cabells especials per a cabells afros, cabells texturitzats i cabells arrissats: pintes per als cabells afros, raspalls per als cabells afros, turbants per als cabells&#8230;</p>

<p>La Perla disposa d´una àmplia gamma de productes cosmètics de la prestigiosa marca Cantu. Consulta el nostre catàleg per veure la gamma completa d&#8217;accessoris Cantu per<span class="excerpt-hellip"> […]</span></p>
