{"id":123982,"date":"2022-06-30T15:00:43","date_gmt":"2022-06-30T13:00:48","guid":{"rendered":"https:\/\/www.laperlavalles.cat\/product\/nestle-cerelac-blat-i-fruita-400gr\/"},"modified":"2024-07-01T16:19:19","modified_gmt":"2024-07-01T14:19:19","slug":"nestle-cerelac-blat-i-fruita-400gr","status":"publish","type":"product","link":"https:\/\/www.laperlavalles.cat\/ca\/producte\/nestle-cerelac-blat-i-fruita-400gr\/","title":{"rendered":"NESTL\u00c9 CERELAC BLAT I FRUITA 400GR"},"content":{"rendered":"<p>Nestl\u00e9 Cerelac blat amb fruita s\u00f3n les famoses farinetes de Nestl\u00e9. A partir de 8 mesos.<\/p>\n","protected":false},"excerpt":{"rendered":"<p>Nestl\u00e9 Cerelac blat amb fruita s\u00f3n les famoses farinetes de Nestl\u00e9. A partir de 8 mesos.<\/p>\n","protected":false},"featured_media":157086,"comment_status":"open","ping_status":"closed","template":"","meta":[],"product_cat":[10617],"product_tag":[],"_links":{"self":[{"href":"https:\/\/www.laperlavalles.cat\/ca\/wp-json\/wp\/v2\/product\/123982"}],"collection":[{"href":"https:\/\/www.laperlavalles.cat\/ca\/wp-json\/wp\/v2\/product"}],"about":[{"href":"https:\/\/www.laperlavalles.cat\/ca\/wp-json\/wp\/v2\/types\/product"}],"replies":[{"embeddable":true,"href":"https:\/\/www.laperlavalles.cat\/ca\/wp-json\/wp\/v2\/comments?post=123982"}],"wp:featuredmedia":[{"embeddable":true,"href":"https:\/\/www.laperlavalles.cat\/ca\/wp-json\/wp\/v2\/media\/157086"}],"wp:attachment":[{"href":"https:\/\/www.laperlavalles.cat\/ca\/wp-json\/wp\/v2\/media?parent=123982"}],"wp:term":[{"taxonomy":"product_cat","embeddable":true,"href":"https:\/\/www.laperlavalles.cat\/ca\/wp-json\/wp\/v2\/product_cat?post=123982"},{"taxonomy":"product_tag","embeddable":true,"href":"https:\/\/www.laperlavalles.cat\/ca\/wp-json\/wp\/v2\/product_tag?post=123982"}],"curies":[{"name":"wp","href":"https:\/\/api.w.org\/{rel}","templated":true}]}}

NESTLÉ CERELAC BLAT I FRUITA 400GR

<p>Nestlé Cerelac blat amb fruita són les famoses farinetes de Nestlé. A partir de 8 mesos.</p>
