{"id":124002,"date":"2022-06-30T15:01:34","date_gmt":"2022-06-30T13:01:39","guid":{"rendered":"https:\/\/www.laperlavalles.cat\/product\/nestle-cerelac-blat-i-fruita-1kg\/"},"modified":"2024-07-02T16:19:39","modified_gmt":"2024-07-02T14:19:39","slug":"nestle-cerelac-blat-i-fruita-1kg","status":"publish","type":"product","link":"https:\/\/www.laperlavalles.cat\/ca\/producte\/nestle-cerelac-blat-i-fruita-1kg\/","title":{"rendered":"NESTL\u00c9 CERELAC BLAT I FRUITA 1KG"},"content":{"rendered":"<p>Nestl\u00e9 Cerelac blat amb fruita s\u00f3n les famoses farinetes de Nestl\u00e9. A partir de 8 mesos.<\/p>\n","protected":false},"excerpt":{"rendered":"<p>Nestl\u00e9 Cerelac blat amb fruita s\u00f3n les famoses farinetes de Nestl\u00e9. A partir de 8 mesos.<\/p>\n","protected":false},"featured_media":162726,"comment_status":"open","ping_status":"closed","template":"","meta":[],"product_cat":[10617],"product_tag":[],"_links":{"self":[{"href":"https:\/\/www.laperlavalles.cat\/ca\/wp-json\/wp\/v2\/product\/124002"}],"collection":[{"href":"https:\/\/www.laperlavalles.cat\/ca\/wp-json\/wp\/v2\/product"}],"about":[{"href":"https:\/\/www.laperlavalles.cat\/ca\/wp-json\/wp\/v2\/types\/product"}],"replies":[{"embeddable":true,"href":"https:\/\/www.laperlavalles.cat\/ca\/wp-json\/wp\/v2\/comments?post=124002"}],"wp:featuredmedia":[{"embeddable":true,"href":"https:\/\/www.laperlavalles.cat\/ca\/wp-json\/wp\/v2\/media\/162726"}],"wp:attachment":[{"href":"https:\/\/www.laperlavalles.cat\/ca\/wp-json\/wp\/v2\/media?parent=124002"}],"wp:term":[{"taxonomy":"product_cat","embeddable":true,"href":"https:\/\/www.laperlavalles.cat\/ca\/wp-json\/wp\/v2\/product_cat?post=124002"},{"taxonomy":"product_tag","embeddable":true,"href":"https:\/\/www.laperlavalles.cat\/ca\/wp-json\/wp\/v2\/product_tag?post=124002"}],"curies":[{"name":"wp","href":"https:\/\/api.w.org\/{rel}","templated":true}]}}

NESTLÉ CERELAC BLAT I FRUITA 1KG

<p>Nestlé Cerelac blat amb fruita són les famoses farinetes de Nestlé. A partir de 8 mesos.</p>
