{"id":124042,"date":"2022-06-30T15:04:05","date_gmt":"2022-06-30T13:04:09","guid":{"rendered":"https:\/\/www.laperlavalles.cat\/product\/caramels-de-menta-begue\/"},"modified":"2023-03-30T11:59:08","modified_gmt":"2023-03-30T09:59:08","slug":"caramels-de-menta-begue","status":"publish","type":"product","link":"https:\/\/www.laperlavalles.cat\/ca\/producte\/caramels-de-menta-begue\/","title":{"rendered":"CARAMELS DE MENTA BEGU\u00c9"},"content":{"rendered":"<p>Els caramels Begu\u00e9 s\u00f3n els famosos caramels de menta originals del Senegal. <\/p>\n","protected":false},"excerpt":{"rendered":"<p>Els caramels Begu\u00e9 s\u00f3n els famosos caramels de menta originals del Senegal.<\/p>\n","protected":false},"featured_media":141621,"comment_status":"open","ping_status":"closed","template":"","meta":[],"product_cat":[8407,8511],"product_tag":[],"_links":{"self":[{"href":"https:\/\/www.laperlavalles.cat\/ca\/wp-json\/wp\/v2\/product\/124042"}],"collection":[{"href":"https:\/\/www.laperlavalles.cat\/ca\/wp-json\/wp\/v2\/product"}],"about":[{"href":"https:\/\/www.laperlavalles.cat\/ca\/wp-json\/wp\/v2\/types\/product"}],"replies":[{"embeddable":true,"href":"https:\/\/www.laperlavalles.cat\/ca\/wp-json\/wp\/v2\/comments?post=124042"}],"wp:featuredmedia":[{"embeddable":true,"href":"https:\/\/www.laperlavalles.cat\/ca\/wp-json\/wp\/v2\/media\/141621"}],"wp:attachment":[{"href":"https:\/\/www.laperlavalles.cat\/ca\/wp-json\/wp\/v2\/media?parent=124042"}],"wp:term":[{"taxonomy":"product_cat","embeddable":true,"href":"https:\/\/www.laperlavalles.cat\/ca\/wp-json\/wp\/v2\/product_cat?post=124042"},{"taxonomy":"product_tag","embeddable":true,"href":"https:\/\/www.laperlavalles.cat\/ca\/wp-json\/wp\/v2\/product_tag?post=124042"}],"curies":[{"name":"wp","href":"https:\/\/api.w.org\/{rel}","templated":true}]}}

CARAMELS DE MENTA BEGUÉ

<p>Els caramels Begué són els famosos caramels de menta originals del Senegal. </p>

<p>Els caramels Begué són els famosos caramels de menta originals del Senegal.</p>
