{"id":130248,"date":"2023-02-13T12:22:28","date_gmt":"2023-02-13T11:22:43","guid":{"rendered":"https:\/\/www.laperlavalles.cat\/product\/caramels-amb-pal-gust-maduixa-begue\/"},"modified":"2023-06-26T07:52:51","modified_gmt":"2023-06-26T05:52:51","slug":"caramels-amb-pal-gust-maduixa-begue","status":"publish","type":"product","link":"https:\/\/www.laperlavalles.cat\/ca\/producte\/caramels-amb-pal-gust-maduixa-begue\/","title":{"rendered":"CARAMELS AMB PAL GUST MADUIXA BEGU\u00c9"},"content":{"rendered":"<p>Els caramels Begu\u00e9 s\u00f3n els famosos caramels originals del Senegal. <\/p>\n","protected":false},"excerpt":{"rendered":"<p>Els caramels Begu\u00e9 s\u00f3n els famosos caramels originals del Senegal.<\/p>\n","protected":false},"featured_media":143301,"comment_status":"open","ping_status":"closed","template":"","meta":[],"product_cat":[8407,8511],"product_tag":[],"_links":{"self":[{"href":"https:\/\/www.laperlavalles.cat\/ca\/wp-json\/wp\/v2\/product\/130248"}],"collection":[{"href":"https:\/\/www.laperlavalles.cat\/ca\/wp-json\/wp\/v2\/product"}],"about":[{"href":"https:\/\/www.laperlavalles.cat\/ca\/wp-json\/wp\/v2\/types\/product"}],"replies":[{"embeddable":true,"href":"https:\/\/www.laperlavalles.cat\/ca\/wp-json\/wp\/v2\/comments?post=130248"}],"wp:featuredmedia":[{"embeddable":true,"href":"https:\/\/www.laperlavalles.cat\/ca\/wp-json\/wp\/v2\/media\/143301"}],"wp:attachment":[{"href":"https:\/\/www.laperlavalles.cat\/ca\/wp-json\/wp\/v2\/media?parent=130248"}],"wp:term":[{"taxonomy":"product_cat","embeddable":true,"href":"https:\/\/www.laperlavalles.cat\/ca\/wp-json\/wp\/v2\/product_cat?post=130248"},{"taxonomy":"product_tag","embeddable":true,"href":"https:\/\/www.laperlavalles.cat\/ca\/wp-json\/wp\/v2\/product_tag?post=130248"}],"curies":[{"name":"wp","href":"https:\/\/api.w.org\/{rel}","templated":true}]}}

CARAMELS AMB PAL GUST MADUIXA BEGUÉ

<p>Els caramels Begué són els famosos caramels originals del Senegal. </p>

<p>Els caramels Begué són els famosos caramels originals del Senegal.</p>
