{"id":181219,"date":"2025-02-28T07:50:34","date_gmt":"2025-02-28T06:50:41","guid":{"rendered":"https:\/\/www.laperlavalles.cat\/product\/caramel-masticablede-sabor-tamarinde-i-pruna-natcha\/"},"modified":"2025-03-03T13:10:26","modified_gmt":"2025-03-03T12:10:26","slug":"caramel-masticablede-sabor-tamarinde-i-pruna-natcha","status":"publish","type":"product","link":"https:\/\/www.laperlavalles.cat\/ca\/producte\/caramel-masticablede-sabor-tamarinde-i-pruna-natcha\/","title":{"rendered":"Caramel\u00a0masticablede sabor tamarinde i pruna Natcha"},"content":{"rendered":"<p>El\u00a0Chewy\u00a0Tamarind\u00a0Plum\u00a0Flavor\u00a0\u00e9s un caramel\u00a0masticable\u00a0de sabor tamarinde i pruna. \u00c9s un producte popular a Tail\u00e0ndia i altres pa\u00efsos del sud-est asi\u00e0tic. Est\u00e0 fet amb polpa de tamarinde real, pruna i sucre, i t\u00e9 un sabor agredol\u00e7.<\/p>\n","protected":false},"excerpt":{"rendered":"<p>El\u00a0Chewy\u00a0Tamarind\u00a0Plum\u00a0Flavor\u00a0\u00e9s un caramel\u00a0masticable\u00a0de sabor tamarinde i pruna. \u00c9s un producte popular a Tail\u00e0ndia i altres pa\u00efsos del sud-est asi\u00e0tic. Est\u00e0 fet amb polpa de tamarinde real,<span class=\"excerpt-hellip\"> [\u2026]<\/span><\/p>\n","protected":false},"featured_media":181211,"comment_status":"open","ping_status":"closed","template":"","meta":[],"product_cat":[8407,8511],"product_tag":[],"_links":{"self":[{"href":"https:\/\/www.laperlavalles.cat\/ca\/wp-json\/wp\/v2\/product\/181219"}],"collection":[{"href":"https:\/\/www.laperlavalles.cat\/ca\/wp-json\/wp\/v2\/product"}],"about":[{"href":"https:\/\/www.laperlavalles.cat\/ca\/wp-json\/wp\/v2\/types\/product"}],"replies":[{"embeddable":true,"href":"https:\/\/www.laperlavalles.cat\/ca\/wp-json\/wp\/v2\/comments?post=181219"}],"wp:featuredmedia":[{"embeddable":true,"href":"https:\/\/www.laperlavalles.cat\/ca\/wp-json\/wp\/v2\/media\/181211"}],"wp:attachment":[{"href":"https:\/\/www.laperlavalles.cat\/ca\/wp-json\/wp\/v2\/media?parent=181219"}],"wp:term":[{"taxonomy":"product_cat","embeddable":true,"href":"https:\/\/www.laperlavalles.cat\/ca\/wp-json\/wp\/v2\/product_cat?post=181219"},{"taxonomy":"product_tag","embeddable":true,"href":"https:\/\/www.laperlavalles.cat\/ca\/wp-json\/wp\/v2\/product_tag?post=181219"}],"curies":[{"name":"wp","href":"https:\/\/api.w.org\/{rel}","templated":true}]}}

<p>El Chewy Tamarind Plum Flavor és un caramel masticable de sabor tamarinde i pruna. És un producte popular a Tailàndia i altres països del sud-est asiàtic. Està fet amb polpa de tamarinde real, pruna i sucre, i té un sabor agredolç.</p>

<p>El Chewy Tamarind Plum Flavor és un caramel masticable de sabor tamarinde i pruna. És un producte popular a Tailàndia i altres països del sud-est asiàtic. Està fet amb polpa de tamarinde real,<span class="excerpt-hellip"> […]</span></p>
