{"id":182698,"date":"2025-02-28T11:00:29","date_gmt":"2025-02-28T10:00:37","guid":{"rendered":"https:\/\/www.laperlavalles.cat\/product\/noodles-nissin-en-pot-miso-vegetal-67g\/"},"modified":"2025-02-28T17:30:38","modified_gmt":"2025-02-28T16:30:38","slug":"noodles-nissin-en-pot-miso-vegetal-67g","status":"publish","type":"product","link":"https:\/\/www.laperlavalles.cat\/ca\/producte\/noodles-nissin-en-pot-miso-vegetal-67g\/","title":{"rendered":"NOODLES NISSIN EN POT MISO VEGETAL 67G"},"content":{"rendered":"<p>Noodles Nissin en Pot Miso Vegetal 67g s\u00f3n fideus instantanis amb brou de miso i verdures seleccionades. Amb un sabor aut\u00e8ntic inspirat en la cuina japonesa, s\u00f3n f\u00e0cils de preparar afegint aigua calenta. Ideals per a un \u00e0pat r\u00e0pid i sabor\u00f3s en qualsevol moment.<\/p>\n","protected":false},"excerpt":{"rendered":"<p>Noodles Nissin en Pot Miso Vegetal 67g s\u00f3n fideus instantanis amb brou de miso i verdures seleccionades. Amb un sabor aut\u00e8ntic inspirat en la cuina japonesa,<span class=\"excerpt-hellip\"> [\u2026]<\/span><\/p>\n","protected":false},"featured_media":182686,"comment_status":"open","ping_status":"closed","template":"","meta":[],"product_cat":[10617],"product_tag":[],"_links":{"self":[{"href":"https:\/\/www.laperlavalles.cat\/ca\/wp-json\/wp\/v2\/product\/182698"}],"collection":[{"href":"https:\/\/www.laperlavalles.cat\/ca\/wp-json\/wp\/v2\/product"}],"about":[{"href":"https:\/\/www.laperlavalles.cat\/ca\/wp-json\/wp\/v2\/types\/product"}],"replies":[{"embeddable":true,"href":"https:\/\/www.laperlavalles.cat\/ca\/wp-json\/wp\/v2\/comments?post=182698"}],"wp:featuredmedia":[{"embeddable":true,"href":"https:\/\/www.laperlavalles.cat\/ca\/wp-json\/wp\/v2\/media\/182686"}],"wp:attachment":[{"href":"https:\/\/www.laperlavalles.cat\/ca\/wp-json\/wp\/v2\/media?parent=182698"}],"wp:term":[{"taxonomy":"product_cat","embeddable":true,"href":"https:\/\/www.laperlavalles.cat\/ca\/wp-json\/wp\/v2\/product_cat?post=182698"},{"taxonomy":"product_tag","embeddable":true,"href":"https:\/\/www.laperlavalles.cat\/ca\/wp-json\/wp\/v2\/product_tag?post=182698"}],"curies":[{"name":"wp","href":"https:\/\/api.w.org\/{rel}","templated":true}]}}

<p>Noodles Nissin en Pot Miso Vegetal 67g són fideus instantanis amb brou de miso i verdures seleccionades. Amb un sabor autèntic inspirat en la cuina japonesa, són fàcils de preparar afegint aigua calenta. Ideals per a un àpat ràpid i saborós en qualsevol moment.</p>

<p>Noodles Nissin en Pot Miso Vegetal 67g són fideus instantanis amb brou de miso i verdures seleccionades. Amb un sabor autèntic inspirat en la cuina japonesa,<span class="excerpt-hellip"> […]</span></p>
