{"id":183904,"date":"2025-02-28T12:42:05","date_gmt":"2025-02-28T11:42:05","guid":{"rendered":"https:\/\/www.laperlavalles.cat\/product\/noodles-nissin-en-pot-salsa-de-soja-gambes-63g-2\/"},"modified":"2025-02-28T12:42:05","modified_gmt":"2025-02-28T11:42:05","slug":"noodles-nissin-en-pot-salsa-de-soja-gambes-63g-2","status":"publish","type":"product","link":"https:\/\/www.laperlavalles.cat\/ca\/producte\/noodles-nissin-en-pot-salsa-de-soja-gambes-63g-2\/","title":{"rendered":"NOODLES NISSIN EN POT SALSA DE SOJA GAMBES 63G"},"content":{"rendered":"<p>Noodles Nissin en Pot Salsa de Soja Gambes 63g s\u00f3n fideus instantanis amb un brou sabor\u00f3s a base de salsa de soja i gambes. Inspirats en la cuina asi\u00e0tica, s\u00f3n f\u00e0cils de preparar nom\u00e9s afegint aigua calenta, ideals per a un \u00e0pat r\u00e0pid i delici\u00f3s.<\/p>\n","protected":false},"excerpt":{"rendered":"<p>Noodles Nissin en Pot Salsa de Soja Gambes 63g s\u00f3n fideus instantanis amb un brou sabor\u00f3s a base de salsa de soja i gambes. Inspirats en<span class=\"excerpt-hellip\"> [\u2026]<\/span><\/p>\n","protected":false},"featured_media":183900,"comment_status":"open","ping_status":"closed","template":"","meta":[],"product_cat":[36],"product_tag":[],"_links":{"self":[{"href":"https:\/\/www.laperlavalles.cat\/ca\/wp-json\/wp\/v2\/product\/183904"}],"collection":[{"href":"https:\/\/www.laperlavalles.cat\/ca\/wp-json\/wp\/v2\/product"}],"about":[{"href":"https:\/\/www.laperlavalles.cat\/ca\/wp-json\/wp\/v2\/types\/product"}],"replies":[{"embeddable":true,"href":"https:\/\/www.laperlavalles.cat\/ca\/wp-json\/wp\/v2\/comments?post=183904"}],"wp:featuredmedia":[{"embeddable":true,"href":"https:\/\/www.laperlavalles.cat\/ca\/wp-json\/wp\/v2\/media\/183900"}],"wp:attachment":[{"href":"https:\/\/www.laperlavalles.cat\/ca\/wp-json\/wp\/v2\/media?parent=183904"}],"wp:term":[{"taxonomy":"product_cat","embeddable":true,"href":"https:\/\/www.laperlavalles.cat\/ca\/wp-json\/wp\/v2\/product_cat?post=183904"},{"taxonomy":"product_tag","embeddable":true,"href":"https:\/\/www.laperlavalles.cat\/ca\/wp-json\/wp\/v2\/product_tag?post=183904"}],"curies":[{"name":"wp","href":"https:\/\/api.w.org\/{rel}","templated":true}]}}

<p>Noodles Nissin en Pot Salsa de Soja Gambes 63g són fideus instantanis amb un brou saborós a base de salsa de soja i gambes. Inspirats en la cuina asiàtica, són fàcils de preparar només afegint aigua calenta, ideals per a un àpat ràpid i deliciós.</p>

<p>Noodles Nissin en Pot Salsa de Soja Gambes 63g són fideus instantanis amb un brou saborós a base de salsa de soja i gambes. Inspirats en<span class="excerpt-hellip"> […]</span></p>
