{"id":188499,"date":"2025-03-12T15:26:15","date_gmt":"2025-03-12T14:26:15","guid":{"rendered":"https:\/\/www.laperlavalles.cat\/product\/suc-de-fruita-raim-amb-aloe-vera-okf-500ml-5\/"},"modified":"2025-03-12T15:26:15","modified_gmt":"2025-03-12T14:26:15","slug":"suc-de-fruita-raim-amb-aloe-vera-okf-500ml-5","status":"publish","type":"product","link":"https:\/\/www.laperlavalles.cat\/ca\/producte\/suc-de-fruita-raim-amb-aloe-vera-okf-500ml-5\/","title":{"rendered":"Suc de fruita Ra\u00efm amb Aloe Vera OKF 500ml"},"content":{"rendered":"<p>Gaudeix d&#8217;una beguda refrescant de ra\u00efm muscat OKF, elaborada amb suc natural de ra\u00efm i veritable gel d&#8217;aloe vera. El seu sabor dol\u00e7 i refrescant, combinat amb trossos d&#8217;aloe vera mastegables, ofereix una experi\u00e8ncia \u00fanica i agradable. Ideal per hidratar-te i gaudir d\u2019un moment de plaer en qualsevol moment del dia.<\/p>\n","protected":false},"excerpt":{"rendered":"<p>Gaudeix d&#8217;una beguda refrescant de ra\u00efm muscat OKF, elaborada amb suc natural de ra\u00efm i veritable gel d&#8217;aloe vera. El seu sabor dol\u00e7 i refrescant, combinat<span class=\"excerpt-hellip\"> [\u2026]<\/span><\/p>\n","protected":false},"featured_media":188495,"comment_status":"open","ping_status":"closed","template":"","meta":[],"product_cat":[8405,8515],"product_tag":[],"_links":{"self":[{"href":"https:\/\/www.laperlavalles.cat\/ca\/wp-json\/wp\/v2\/product\/188499"}],"collection":[{"href":"https:\/\/www.laperlavalles.cat\/ca\/wp-json\/wp\/v2\/product"}],"about":[{"href":"https:\/\/www.laperlavalles.cat\/ca\/wp-json\/wp\/v2\/types\/product"}],"replies":[{"embeddable":true,"href":"https:\/\/www.laperlavalles.cat\/ca\/wp-json\/wp\/v2\/comments?post=188499"}],"wp:featuredmedia":[{"embeddable":true,"href":"https:\/\/www.laperlavalles.cat\/ca\/wp-json\/wp\/v2\/media\/188495"}],"wp:attachment":[{"href":"https:\/\/www.laperlavalles.cat\/ca\/wp-json\/wp\/v2\/media?parent=188499"}],"wp:term":[{"taxonomy":"product_cat","embeddable":true,"href":"https:\/\/www.laperlavalles.cat\/ca\/wp-json\/wp\/v2\/product_cat?post=188499"},{"taxonomy":"product_tag","embeddable":true,"href":"https:\/\/www.laperlavalles.cat\/ca\/wp-json\/wp\/v2\/product_tag?post=188499"}],"curies":[{"name":"wp","href":"https:\/\/api.w.org\/{rel}","templated":true}]}}

Suc de fruita Raïm amb Aloe Vera OKF 500ml

<p>Gaudeix d&#8217;una beguda refrescant de raïm muscat OKF, elaborada amb suc natural de raïm i veritable gel d&#8217;aloe vera. El seu sabor dolç i refrescant, combinat amb trossos d&#8217;aloe vera mastegables, ofereix una experiència única i agradable. Ideal per hidratar-te i gaudir d’un moment de plaer en qualsevol moment del dia.</p>

<p>Gaudeix d&#8217;una beguda refrescant de raïm muscat OKF, elaborada amb suc natural de raïm i veritable gel d&#8217;aloe vera. El seu sabor dolç i refrescant, combinat<span class="excerpt-hellip"> […]</span></p>
