{"id":188594,"date":"2025-03-12T15:33:27","date_gmt":"2025-03-12T14:33:27","guid":{"rendered":"https:\/\/www.laperlavalles.cat\/product\/suc-de-melo-amb-aloe-vera-okf-500ml-3\/"},"modified":"2025-03-12T15:33:27","modified_gmt":"2025-03-12T14:33:27","slug":"suc-de-melo-amb-aloe-vera-okf-500ml-3","status":"publish","type":"product","link":"https:\/\/www.laperlavalles.cat\/ca\/producte\/suc-de-melo-amb-aloe-vera-okf-500ml-3\/","title":{"rendered":"Suc de mel\u00f3 amb Aloe Vera OKF 500ml"},"content":{"rendered":"<p>Beguda de mel\u00f3 almizclat, dol\u00e7a i refrescant, amb trossets d&#8217;aloe vera mastegables i suc real de mel\u00f3 almizclat amb gel d&#8217;aloe vera afegit.<\/p>\n","protected":false},"excerpt":{"rendered":"<p>Beguda de mel\u00f3 almizclat, dol\u00e7a i refrescant, amb trossets d&#8217;aloe vera mastegables i suc real de mel\u00f3 almizclat amb gel d&#8217;aloe vera afegit.<\/p>\n","protected":false},"featured_media":188590,"comment_status":"open","ping_status":"closed","template":"","meta":[],"product_cat":[8405,8515],"product_tag":[],"_links":{"self":[{"href":"https:\/\/www.laperlavalles.cat\/ca\/wp-json\/wp\/v2\/product\/188594"}],"collection":[{"href":"https:\/\/www.laperlavalles.cat\/ca\/wp-json\/wp\/v2\/product"}],"about":[{"href":"https:\/\/www.laperlavalles.cat\/ca\/wp-json\/wp\/v2\/types\/product"}],"replies":[{"embeddable":true,"href":"https:\/\/www.laperlavalles.cat\/ca\/wp-json\/wp\/v2\/comments?post=188594"}],"wp:featuredmedia":[{"embeddable":true,"href":"https:\/\/www.laperlavalles.cat\/ca\/wp-json\/wp\/v2\/media\/188590"}],"wp:attachment":[{"href":"https:\/\/www.laperlavalles.cat\/ca\/wp-json\/wp\/v2\/media?parent=188594"}],"wp:term":[{"taxonomy":"product_cat","embeddable":true,"href":"https:\/\/www.laperlavalles.cat\/ca\/wp-json\/wp\/v2\/product_cat?post=188594"},{"taxonomy":"product_tag","embeddable":true,"href":"https:\/\/www.laperlavalles.cat\/ca\/wp-json\/wp\/v2\/product_tag?post=188594"}],"curies":[{"name":"wp","href":"https:\/\/api.w.org\/{rel}","templated":true}]}}

Suc de meló amb Aloe Vera OKF 500ml

<p>Beguda de meló almizclat, dolça i refrescant, amb trossets d&#8217;aloe vera mastegables i suc real de meló almizclat amb gel d&#8217;aloe vera afegit.</p>
