{"id":188854,"date":"2025-03-12T15:53:31","date_gmt":"2025-03-12T14:53:39","guid":{"rendered":"https:\/\/www.laperlavalles.cat\/product\/flam-royal-amb-4-sobres\/"},"modified":"2025-03-12T18:15:52","modified_gmt":"2025-03-12T17:15:52","slug":"flam-royal-amb-4-sobres","status":"publish","type":"product","link":"https:\/\/www.laperlavalles.cat\/ca\/producte\/flam-royal-amb-4-sobres\/","title":{"rendered":"Flam Royal amb 4 sobres"},"content":{"rendered":"<p>El flam Royal \u00e9s un postre tradicional, f\u00e0cil de preparar i perfecte per a qualsevol ocasi\u00f3. Amb una textura suau i un sabor dol\u00e7 i delicat, es converteix en l&#8217;elecci\u00f3 ideal per sorprendre familiars i amics. Nom\u00e9s cal afegir llet, seguir les instruccions i gaudir d&#8217;un flam crem\u00f3s amb el toc caramel\u00b7litzat caracter\u00edstic.<\/p>\n","protected":false},"excerpt":{"rendered":"<p>El flam Royal \u00e9s un postre tradicional, f\u00e0cil de preparar i perfecte per a qualsevol ocasi\u00f3. Amb una textura suau i un sabor dol\u00e7 i delicat,<span class=\"excerpt-hellip\"> [\u2026]<\/span><\/p>\n","protected":false},"featured_media":188846,"comment_status":"open","ping_status":"closed","template":"","meta":[],"product_cat":[8406,8509],"product_tag":[],"_links":{"self":[{"href":"https:\/\/www.laperlavalles.cat\/ca\/wp-json\/wp\/v2\/product\/188854"}],"collection":[{"href":"https:\/\/www.laperlavalles.cat\/ca\/wp-json\/wp\/v2\/product"}],"about":[{"href":"https:\/\/www.laperlavalles.cat\/ca\/wp-json\/wp\/v2\/types\/product"}],"replies":[{"embeddable":true,"href":"https:\/\/www.laperlavalles.cat\/ca\/wp-json\/wp\/v2\/comments?post=188854"}],"wp:featuredmedia":[{"embeddable":true,"href":"https:\/\/www.laperlavalles.cat\/ca\/wp-json\/wp\/v2\/media\/188846"}],"wp:attachment":[{"href":"https:\/\/www.laperlavalles.cat\/ca\/wp-json\/wp\/v2\/media?parent=188854"}],"wp:term":[{"taxonomy":"product_cat","embeddable":true,"href":"https:\/\/www.laperlavalles.cat\/ca\/wp-json\/wp\/v2\/product_cat?post=188854"},{"taxonomy":"product_tag","embeddable":true,"href":"https:\/\/www.laperlavalles.cat\/ca\/wp-json\/wp\/v2\/product_tag?post=188854"}],"curies":[{"name":"wp","href":"https:\/\/api.w.org\/{rel}","templated":true}]}}

<p>El flam Royal és un postre tradicional, fàcil de preparar i perfecte per a qualsevol ocasió. Amb una textura suau i un sabor dolç i delicat, es converteix en l&#8217;elecció ideal per sorprendre familiars i amics. Només cal afegir llet, seguir les instruccions i gaudir d&#8217;un flam cremós amb el toc caramel·litzat característic.</p>

<p>El flam Royal és un postre tradicional, fàcil de preparar i perfecte per a qualsevol ocasió. Amb una textura suau i un sabor dolç i delicat,<span class="excerpt-hellip"> […]</span></p>
