{"id":188874,"date":"2025-03-12T15:55:29","date_gmt":"2025-03-12T14:55:38","guid":{"rendered":"https:\/\/www.laperlavalles.cat\/product\/llet-condensada-la-lechera-370g\/"},"modified":"2025-03-12T18:17:45","modified_gmt":"2025-03-12T17:17:45","slug":"llet-condensada-la-lechera-370g","status":"publish","type":"product","link":"https:\/\/www.laperlavalles.cat\/ca\/producte\/llet-condensada-la-lechera-370g\/","title":{"rendered":"Llet condensada La Lechera 370g"},"content":{"rendered":"<p>La llet condensada La Lechera \u00e9s un producte de refer\u00e8ncia, conegut per la seva qualitat i sabor inconfusible. Amb una textura suau i dol\u00e7a, \u00e9s perfecta per enriquir postres tradicionals, com flams, pastissos o batuts, aix\u00ed com per endolcir begudes calentes. Presentada en llauna per a una millor conservaci\u00f3, \u00e9s un ingredient essencial per a donar un toc especial a qualsevol recepta.<\/p>\n","protected":false},"excerpt":{"rendered":"<p>La llet condensada La Lechera \u00e9s un producte de refer\u00e8ncia, conegut per la seva qualitat i sabor inconfusible. Amb una textura suau i dol\u00e7a, \u00e9s perfecta<span class=\"excerpt-hellip\"> [\u2026]<\/span><\/p>\n","protected":false},"featured_media":188866,"comment_status":"open","ping_status":"closed","template":"","meta":[],"product_cat":[8406,8509],"product_tag":[],"_links":{"self":[{"href":"https:\/\/www.laperlavalles.cat\/ca\/wp-json\/wp\/v2\/product\/188874"}],"collection":[{"href":"https:\/\/www.laperlavalles.cat\/ca\/wp-json\/wp\/v2\/product"}],"about":[{"href":"https:\/\/www.laperlavalles.cat\/ca\/wp-json\/wp\/v2\/types\/product"}],"replies":[{"embeddable":true,"href":"https:\/\/www.laperlavalles.cat\/ca\/wp-json\/wp\/v2\/comments?post=188874"}],"wp:featuredmedia":[{"embeddable":true,"href":"https:\/\/www.laperlavalles.cat\/ca\/wp-json\/wp\/v2\/media\/188866"}],"wp:attachment":[{"href":"https:\/\/www.laperlavalles.cat\/ca\/wp-json\/wp\/v2\/media?parent=188874"}],"wp:term":[{"taxonomy":"product_cat","embeddable":true,"href":"https:\/\/www.laperlavalles.cat\/ca\/wp-json\/wp\/v2\/product_cat?post=188874"},{"taxonomy":"product_tag","embeddable":true,"href":"https:\/\/www.laperlavalles.cat\/ca\/wp-json\/wp\/v2\/product_tag?post=188874"}],"curies":[{"name":"wp","href":"https:\/\/api.w.org\/{rel}","templated":true}]}}

<p>La llet condensada La Lechera és un producte de referència, conegut per la seva qualitat i sabor inconfusible. Amb una textura suau i dolça, és perfecta per enriquir postres tradicionals, com flams, pastissos o batuts, així com per endolcir begudes calentes. Presentada en llauna per a una millor conservació, és un ingredient essencial per a donar un toc especial a qualsevol recepta.</p>

<p>La llet condensada La Lechera és un producte de referència, conegut per la seva qualitat i sabor inconfusible. Amb una textura suau i dolça, és perfecta<span class="excerpt-hellip"> […]</span></p>
