{"id":189159,"date":"2025-03-13T15:01:55","date_gmt":"2025-03-13T14:02:03","guid":{"rendered":"https:\/\/www.laperlavalles.cat\/product\/crema-de-mans-i-cos-de-mantega-de-cacao-queen-elisabeth-500ml\/"},"modified":"2025-03-13T15:17:26","modified_gmt":"2025-03-13T14:17:26","slug":"crema-de-mans-i-cos-de-mantega-de-cacao-queen-elisabeth-500ml","status":"publish","type":"product","link":"https:\/\/www.laperlavalles.cat\/ca\/producte\/crema-de-mans-i-cos-de-mantega-de-cacao-queen-elisabeth-500ml\/","title":{"rendered":"CREMA DE MANS I COS DE MANTEGA DE CACAO QUEEN ELISABETH 500ML"},"content":{"rendered":"<p>La Pomada Queen Elisabeth 250 ml \u00e9s ideal per hidratar i nodrir profundament la pell seca de les mans i el cos. Amb una textura rica i cremosa, proporciona una hidrataci\u00f3 intensa que ajuda a suavitzar la pell aspra i protegir-la contra la sequedat. Perfecta per a l&#8217;\u00fas diari, alleuja la irritaci\u00f3 i mant\u00e9 la pell suau, flexible i saludable.<\/p>\n","protected":false},"excerpt":{"rendered":"<p>La Pomada Queen Elisabeth 250 ml \u00e9s ideal per hidratar i nodrir profundament la pell seca de les mans i el cos. Amb una textura rica<span class=\"excerpt-hellip\"> [\u2026]<\/span><\/p>\n","protected":false},"featured_media":189151,"comment_status":"open","ping_status":"closed","template":"","meta":[],"product_cat":[8423,8522],"product_tag":[],"_links":{"self":[{"href":"https:\/\/www.laperlavalles.cat\/ca\/wp-json\/wp\/v2\/product\/189159"}],"collection":[{"href":"https:\/\/www.laperlavalles.cat\/ca\/wp-json\/wp\/v2\/product"}],"about":[{"href":"https:\/\/www.laperlavalles.cat\/ca\/wp-json\/wp\/v2\/types\/product"}],"replies":[{"embeddable":true,"href":"https:\/\/www.laperlavalles.cat\/ca\/wp-json\/wp\/v2\/comments?post=189159"}],"wp:featuredmedia":[{"embeddable":true,"href":"https:\/\/www.laperlavalles.cat\/ca\/wp-json\/wp\/v2\/media\/189151"}],"wp:attachment":[{"href":"https:\/\/www.laperlavalles.cat\/ca\/wp-json\/wp\/v2\/media?parent=189159"}],"wp:term":[{"taxonomy":"product_cat","embeddable":true,"href":"https:\/\/www.laperlavalles.cat\/ca\/wp-json\/wp\/v2\/product_cat?post=189159"},{"taxonomy":"product_tag","embeddable":true,"href":"https:\/\/www.laperlavalles.cat\/ca\/wp-json\/wp\/v2\/product_tag?post=189159"}],"curies":[{"name":"wp","href":"https:\/\/api.w.org\/{rel}","templated":true}]}}

<p>La Pomada Queen Elisabeth 250 ml és ideal per hidratar i nodrir profundament la pell seca de les mans i el cos. Amb una textura rica i cremosa, proporciona una hidratació intensa que ajuda a suavitzar la pell aspra i protegir-la contra la sequedat. Perfecta per a l&#8217;ús diari, alleuja la irritació i manté la pell suau, flexible i saludable.</p>

<p>La Pomada Queen Elisabeth 250 ml és ideal per hidratar i nodrir profundament la pell seca de les mans i el cos. Amb una textura rica<span class="excerpt-hellip"> […]</span></p>
