{"id":189319,"date":"2025-03-13T15:13:00","date_gmt":"2025-03-13T14:13:08","guid":{"rendered":"https:\/\/www.laperlavalles.cat\/product\/pomada-corporal-i-capil%c2%b7lar-de-mantega-de-karite-queen-elisabeth-250ml\/"},"modified":"2025-03-13T15:23:42","modified_gmt":"2025-03-13T14:23:42","slug":"pomada-corporal-i-capil%c2%b7lar-de-mantega-de-karite-queen-elisabeth-250ml","status":"publish","type":"product","link":"https:\/\/www.laperlavalles.cat\/ca\/producte\/pomada-corporal-i-capil%c2%b7lar-de-mantega-de-karite-queen-elisabeth-250ml\/","title":{"rendered":"POMADA CORPORAL I CAPIL\u00b7LAR DE MANTEGA DE KARIT\u00c9 QUEEN ELISABETH 250ML"},"content":{"rendered":"<p>La Crema de Mantega de Karit\u00e9 Queen Elisabeth 250 ml hidrata i nodreix profundament la pell, ajudant a restaurar la seva suavitat i elasticitat natural. Enriquida amb mantega de karit\u00e9 pura, \u00e9s ideal per a la pell seca o danyada, aportant protecci\u00f3 contra la sequedat i la deshidrataci\u00f3. Perfecta per a l\u2019\u00fas diari en mans, cos i zones especialment seques.<\/p>\n","protected":false},"excerpt":{"rendered":"<p>La Crema de Mantega de Karit\u00e9 Queen Elisabeth 250 ml hidrata i nodreix profundament la pell, ajudant a restaurar la seva suavitat i elasticitat natural. Enriquida<span class=\"excerpt-hellip\"> [\u2026]<\/span><\/p>\n","protected":false},"featured_media":189311,"comment_status":"open","ping_status":"closed","template":"","meta":[],"product_cat":[8423,8522],"product_tag":[],"_links":{"self":[{"href":"https:\/\/www.laperlavalles.cat\/ca\/wp-json\/wp\/v2\/product\/189319"}],"collection":[{"href":"https:\/\/www.laperlavalles.cat\/ca\/wp-json\/wp\/v2\/product"}],"about":[{"href":"https:\/\/www.laperlavalles.cat\/ca\/wp-json\/wp\/v2\/types\/product"}],"replies":[{"embeddable":true,"href":"https:\/\/www.laperlavalles.cat\/ca\/wp-json\/wp\/v2\/comments?post=189319"}],"wp:featuredmedia":[{"embeddable":true,"href":"https:\/\/www.laperlavalles.cat\/ca\/wp-json\/wp\/v2\/media\/189311"}],"wp:attachment":[{"href":"https:\/\/www.laperlavalles.cat\/ca\/wp-json\/wp\/v2\/media?parent=189319"}],"wp:term":[{"taxonomy":"product_cat","embeddable":true,"href":"https:\/\/www.laperlavalles.cat\/ca\/wp-json\/wp\/v2\/product_cat?post=189319"},{"taxonomy":"product_tag","embeddable":true,"href":"https:\/\/www.laperlavalles.cat\/ca\/wp-json\/wp\/v2\/product_tag?post=189319"}],"curies":[{"name":"wp","href":"https:\/\/api.w.org\/{rel}","templated":true}]}}

POMADA CORPORAL I CAPIL·LAR DE MANTEGA DE KARITÉ QUEEN ELISABETH 250ML

<p>La Crema de Mantega de Karité Queen Elisabeth 250 ml hidrata i nodreix profundament la pell, ajudant a restaurar la seva suavitat i elasticitat natural. Enriquida amb mantega de karité pura, és ideal per a la pell seca o danyada, aportant protecció contra la sequedat i la deshidratació. Perfecta per a l’ús diari en mans, cos i zones especialment seques.</p>

<p>La Crema de Mantega de Karité Queen Elisabeth 250 ml hidrata i nodreix profundament la pell, ajudant a restaurar la seva suavitat i elasticitat natural. Enriquida<span class="excerpt-hellip"> […]</span></p>
