{"id":189499,"date":"2025-03-14T09:12:17","date_gmt":"2025-03-14T08:12:23","guid":{"rendered":"https:\/\/www.laperlavalles.cat\/product\/locio-de-mantega-de-karite-rinju-16-oz\/"},"modified":"2025-03-14T09:27:29","modified_gmt":"2025-03-14T08:27:29","slug":"locio-de-mantega-de-karite-rinju-16-oz","status":"publish","type":"product","link":"https:\/\/www.laperlavalles.cat\/ca\/producte\/locio-de-mantega-de-karite-rinju-16-oz\/","title":{"rendered":"LOCI\u00d3 DE MANTEGA DE KARIT\u00c9 RINJU 16 OZ"},"content":{"rendered":"<p>La LOCI\u00d3 DE MANTEGA DE KARIT\u00c9 RINJU de 16 oz ofereix una hidrataci\u00f3 profunda i reparadora per a la pell seca i deshidratada. Enriquida amb mantega de karit\u00e9 natural, ajuda a restaurar la suavitat i l&#8217;elasticitat de la pell, protegint-la contra la sequedat. La seva textura suau s&#8217;absorbeix r\u00e0pidament, deixant la pell nodrida i radiant durant tot el dia.<\/p>\n","protected":false},"excerpt":{"rendered":"<p>La LOCI\u00d3 DE MANTEGA DE KARIT\u00c9 RINJU de 16 oz ofereix una hidrataci\u00f3 profunda i reparadora per a la pell seca i deshidratada. Enriquida amb mantega<span class=\"excerpt-hellip\"> [\u2026]<\/span><\/p>\n","protected":false},"featured_media":189491,"comment_status":"open","ping_status":"closed","template":"","meta":[],"product_cat":[8423,8522],"product_tag":[],"_links":{"self":[{"href":"https:\/\/www.laperlavalles.cat\/ca\/wp-json\/wp\/v2\/product\/189499"}],"collection":[{"href":"https:\/\/www.laperlavalles.cat\/ca\/wp-json\/wp\/v2\/product"}],"about":[{"href":"https:\/\/www.laperlavalles.cat\/ca\/wp-json\/wp\/v2\/types\/product"}],"replies":[{"embeddable":true,"href":"https:\/\/www.laperlavalles.cat\/ca\/wp-json\/wp\/v2\/comments?post=189499"}],"wp:featuredmedia":[{"embeddable":true,"href":"https:\/\/www.laperlavalles.cat\/ca\/wp-json\/wp\/v2\/media\/189491"}],"wp:attachment":[{"href":"https:\/\/www.laperlavalles.cat\/ca\/wp-json\/wp\/v2\/media?parent=189499"}],"wp:term":[{"taxonomy":"product_cat","embeddable":true,"href":"https:\/\/www.laperlavalles.cat\/ca\/wp-json\/wp\/v2\/product_cat?post=189499"},{"taxonomy":"product_tag","embeddable":true,"href":"https:\/\/www.laperlavalles.cat\/ca\/wp-json\/wp\/v2\/product_tag?post=189499"}],"curies":[{"name":"wp","href":"https:\/\/api.w.org\/{rel}","templated":true}]}}

LOCIÓ DE MANTEGA DE KARITÉ RINJU 16 OZ

<p>La LOCIÓ DE MANTEGA DE KARITÉ RINJU de 16 oz ofereix una hidratació profunda i reparadora per a la pell seca i deshidratada. Enriquida amb mantega de karité natural, ajuda a restaurar la suavitat i l&#8217;elasticitat de la pell, protegint-la contra la sequedat. La seva textura suau s&#8217;absorbeix ràpidament, deixant la pell nodrida i radiant durant tot el dia.</p>

<p>La LOCIÓ DE MANTEGA DE KARITÉ RINJU de 16 oz ofereix una hidratació profunda i reparadora per a la pell seca i deshidratada. Enriquida amb mantega<span class="excerpt-hellip"> […]</span></p>
