{"id":189599,"date":"2025-03-14T09:31:50","date_gmt":"2025-03-14T08:31:56","guid":{"rendered":"https:\/\/www.laperlavalles.cat\/product\/gel-de-fixacio-de-mel-i-gingebre-mielle-384-ml\/"},"modified":"2025-09-04T17:35:39","modified_gmt":"2025-09-04T15:35:39","slug":"gel-de-fixacio-de-mel-i-gingebre-mielle-384-ml","status":"publish","type":"product","link":"https:\/\/www.laperlavalles.cat\/ca\/producte\/gel-de-fixacio-de-mel-i-gingebre-mielle-384-ml\/","title":{"rendered":"GEL DE FIXACI\u00d3 DE MEL I GINGEBRE MIELLE 384 ML"},"content":{"rendered":"<p>El GEL DE FIXACI\u00d3 DE MEL I GINGEBRE MIELLE de 384 ml proporciona una fixaci\u00f3 flexible i duradora per definir i controlar els r\u00ednxols i altres estils de cabell. Enriquit amb ingredients naturals com la mel i el gingebre, hidrata i nodreix el cabell mentre li d\u00f3na un acabat brillant i saludable. Ideal per evitar l&#8217;encrespament i mantenir el cabell definit durant tot el dia sense deixar residus.<\/p>\n","protected":false},"excerpt":{"rendered":"<p>El GEL DE FIXACI\u00d3 DE MEL I GINGEBRE MIELLE de 384 ml proporciona una fixaci\u00f3 flexible i duradora per definir i controlar els r\u00ednxols i altres<span class=\"excerpt-hellip\"> [\u2026]<\/span><\/p>\n","protected":false},"featured_media":189591,"comment_status":"open","ping_status":"closed","template":"","meta":[],"product_cat":[10617],"product_tag":[],"_links":{"self":[{"href":"https:\/\/www.laperlavalles.cat\/ca\/wp-json\/wp\/v2\/product\/189599"}],"collection":[{"href":"https:\/\/www.laperlavalles.cat\/ca\/wp-json\/wp\/v2\/product"}],"about":[{"href":"https:\/\/www.laperlavalles.cat\/ca\/wp-json\/wp\/v2\/types\/product"}],"replies":[{"embeddable":true,"href":"https:\/\/www.laperlavalles.cat\/ca\/wp-json\/wp\/v2\/comments?post=189599"}],"wp:featuredmedia":[{"embeddable":true,"href":"https:\/\/www.laperlavalles.cat\/ca\/wp-json\/wp\/v2\/media\/189591"}],"wp:attachment":[{"href":"https:\/\/www.laperlavalles.cat\/ca\/wp-json\/wp\/v2\/media?parent=189599"}],"wp:term":[{"taxonomy":"product_cat","embeddable":true,"href":"https:\/\/www.laperlavalles.cat\/ca\/wp-json\/wp\/v2\/product_cat?post=189599"},{"taxonomy":"product_tag","embeddable":true,"href":"https:\/\/www.laperlavalles.cat\/ca\/wp-json\/wp\/v2\/product_tag?post=189599"}],"curies":[{"name":"wp","href":"https:\/\/api.w.org\/{rel}","templated":true}]}}

GEL DE FIXACIÓ DE MEL I GINGEBRE MIELLE 384 ML

<p>El GEL DE FIXACIÓ DE MEL I GINGEBRE MIELLE de 384 ml proporciona una fixació flexible i duradora per definir i controlar els rínxols i altres estils de cabell. Enriquit amb ingredients naturals com la mel i el gingebre, hidrata i nodreix el cabell mentre li dóna un acabat brillant i saludable. Ideal per evitar l&#8217;encrespament i mantenir el cabell definit durant tot el dia sense deixar residus.</p>

<p>El GEL DE FIXACIÓ DE MEL I GINGEBRE MIELLE de 384 ml proporciona una fixació flexible i duradora per definir i controlar els rínxols i altres<span class="excerpt-hellip"> […]</span></p>
