{"id":189739,"date":"2025-03-17T13:10:36","date_gmt":"2025-03-17T12:10:44","guid":{"rendered":"https:\/\/www.laperlavalles.cat\/product\/as-i-am-classic-curling-jelly-227g\/"},"modified":"2025-03-17T13:19:11","modified_gmt":"2025-03-17T12:19:11","slug":"as-i-am-classic-curling-jelly-227g","status":"publish","type":"product","link":"https:\/\/www.laperlavalles.cat\/ca\/producte\/as-i-am-classic-curling-jelly-227g\/","title":{"rendered":"AS I AM CLASSIC CURLING JELLY 227G"},"content":{"rendered":"<p>El As I Am Classic Curling Jelly \u00e9s un gel definidor perfecte per real\u00e7ar la forma natural dels cabells arrissats i ondulats. La seva f\u00f3rmula lleugera proporciona una fixaci\u00f3 duradora sense deixar residus ni rigidesa, permetent que els r\u00ednxols es moguin amb llibertat. A m\u00e9s, ajuda a controlar l&#8217;encrespament i aporta hidrataci\u00f3, deixant els cabells suaus, brillants i definits. Ideal per a cabells naturals que necessiten un acabat polit i ben definit.<\/p>\n","protected":false},"excerpt":{"rendered":"<p>El As I Am Classic Curling Jelly \u00e9s un gel definidor perfecte per real\u00e7ar la forma natural dels cabells arrissats i ondulats. La seva f\u00f3rmula lleugera<span class=\"excerpt-hellip\"> [\u2026]<\/span><\/p>\n","protected":false},"featured_media":189731,"comment_status":"open","ping_status":"closed","template":"","meta":[],"product_cat":[8423,24329],"product_tag":[],"_links":{"self":[{"href":"https:\/\/www.laperlavalles.cat\/ca\/wp-json\/wp\/v2\/product\/189739"}],"collection":[{"href":"https:\/\/www.laperlavalles.cat\/ca\/wp-json\/wp\/v2\/product"}],"about":[{"href":"https:\/\/www.laperlavalles.cat\/ca\/wp-json\/wp\/v2\/types\/product"}],"replies":[{"embeddable":true,"href":"https:\/\/www.laperlavalles.cat\/ca\/wp-json\/wp\/v2\/comments?post=189739"}],"wp:featuredmedia":[{"embeddable":true,"href":"https:\/\/www.laperlavalles.cat\/ca\/wp-json\/wp\/v2\/media\/189731"}],"wp:attachment":[{"href":"https:\/\/www.laperlavalles.cat\/ca\/wp-json\/wp\/v2\/media?parent=189739"}],"wp:term":[{"taxonomy":"product_cat","embeddable":true,"href":"https:\/\/www.laperlavalles.cat\/ca\/wp-json\/wp\/v2\/product_cat?post=189739"},{"taxonomy":"product_tag","embeddable":true,"href":"https:\/\/www.laperlavalles.cat\/ca\/wp-json\/wp\/v2\/product_tag?post=189739"}],"curies":[{"name":"wp","href":"https:\/\/api.w.org\/{rel}","templated":true}]}}

<p>El As I Am Classic Curling Jelly és un gel definidor perfecte per realçar la forma natural dels cabells arrissats i ondulats. La seva fórmula lleugera proporciona una fixació duradora sense deixar residus ni rigidesa, permetent que els rínxols es moguin amb llibertat. A més, ajuda a controlar l&#8217;encrespament i aporta hidratació, deixant els cabells suaus, brillants i definits. Ideal per a cabells naturals que necessiten un acabat polit i ben definit.</p>

<p>El As I Am Classic Curling Jelly és un gel definidor perfecte per realçar la forma natural dels cabells arrissats i ondulats. La seva fórmula lleugera<span class="excerpt-hellip"> […]</span></p>
