{"id":189759,"date":"2025-03-17T14:10:34","date_gmt":"2025-03-17T13:10:40","guid":{"rendered":"https:\/\/www.laperlavalles.cat\/product\/as-i-am-classic-twist-defining-cream-227g\/"},"modified":"2025-03-17T14:15:57","modified_gmt":"2025-03-17T13:15:57","slug":"as-i-am-classic-twist-defining-cream-227g","status":"publish","type":"product","link":"https:\/\/www.laperlavalles.cat\/ca\/producte\/as-i-am-classic-twist-defining-cream-227g\/","title":{"rendered":"AS I AM CLASSIC TWIST DEFINING CREAM 227G"},"content":{"rendered":"<p>La As I Am Classic Twist Defining Cream \u00e9s una crema de pentinat especialment formulada per definir i millorar els r\u00ednxols en cabells arrissats i amb textura. La seva f\u00f3rmula, enriquida amb olis naturals com el de gira-sol i ric\u00ed, aix\u00ed com extractes d&#8217;amla i arrel de remolatxa, nodreix el cabell, ajuda a mantenir un creixement saludable i dona una definici\u00f3 duradora als r\u00ednxols. Aquesta crema tamb\u00e9 ajuda a reduir l&#8217;encrespament, aportant suavitat i brillantor sense deixar residus enganxosos ni greixosos.<\/p>\n","protected":false},"excerpt":{"rendered":"<p>La As I Am Classic Twist Defining Cream \u00e9s una crema de pentinat especialment formulada per definir i millorar els r\u00ednxols en cabells arrissats i amb<span class=\"excerpt-hellip\"> [\u2026]<\/span><\/p>\n","protected":false},"featured_media":189751,"comment_status":"open","ping_status":"closed","template":"","meta":[],"product_cat":[10617],"product_tag":[],"_links":{"self":[{"href":"https:\/\/www.laperlavalles.cat\/ca\/wp-json\/wp\/v2\/product\/189759"}],"collection":[{"href":"https:\/\/www.laperlavalles.cat\/ca\/wp-json\/wp\/v2\/product"}],"about":[{"href":"https:\/\/www.laperlavalles.cat\/ca\/wp-json\/wp\/v2\/types\/product"}],"replies":[{"embeddable":true,"href":"https:\/\/www.laperlavalles.cat\/ca\/wp-json\/wp\/v2\/comments?post=189759"}],"wp:featuredmedia":[{"embeddable":true,"href":"https:\/\/www.laperlavalles.cat\/ca\/wp-json\/wp\/v2\/media\/189751"}],"wp:attachment":[{"href":"https:\/\/www.laperlavalles.cat\/ca\/wp-json\/wp\/v2\/media?parent=189759"}],"wp:term":[{"taxonomy":"product_cat","embeddable":true,"href":"https:\/\/www.laperlavalles.cat\/ca\/wp-json\/wp\/v2\/product_cat?post=189759"},{"taxonomy":"product_tag","embeddable":true,"href":"https:\/\/www.laperlavalles.cat\/ca\/wp-json\/wp\/v2\/product_tag?post=189759"}],"curies":[{"name":"wp","href":"https:\/\/api.w.org\/{rel}","templated":true}]}}

<p>La As I Am Classic Twist Defining Cream és una crema de pentinat especialment formulada per definir i millorar els rínxols en cabells arrissats i amb textura. La seva fórmula, enriquida amb olis naturals com el de gira-sol i ricí, així com extractes d&#8217;amla i arrel de remolatxa, nodreix el cabell, ajuda a mantenir un creixement saludable i dona una definició duradora als rínxols. Aquesta crema també ajuda a reduir l&#8217;encrespament, aportant suavitat i brillantor sense deixar residus enganxosos ni greixosos.</p>

<p>La As I Am Classic Twist Defining Cream és una crema de pentinat especialment formulada per definir i millorar els rínxols en cabells arrissats i amb<span class="excerpt-hellip"> […]</span></p>
