{"id":189779,"date":"2025-03-17T14:20:36","date_gmt":"2025-03-17T13:20:43","guid":{"rendered":"https:\/\/www.laperlavalles.cat\/product\/as-i-am-longluxe-strengthening-shampoo-355ml\/"},"modified":"2025-03-27T13:21:48","modified_gmt":"2025-03-27T12:21:48","slug":"as-i-am-longluxe-strengthening-shampoo-355ml","status":"publish","type":"product","link":"https:\/\/www.laperlavalles.cat\/ca\/producte\/as-i-am-longluxe-strengthening-shampoo-355ml\/","title":{"rendered":"AS I AM LONG&amp;LUXE STRENGTHENING SHAMPOO 355ML"},"content":{"rendered":"<p>L&#8217;As I Am Long &amp; Luxe Strengthening Shampoo \u00e9s un xamp\u00fa hidratant formulat per netejar suaument el cabell i el cuir cabellut, alhora que afegeix hidrataci\u00f3 i enforteix el cabell per afavorir una major longitud. Enriquit amb extractes de magrana i fruita de la passi\u00f3, aquest xamp\u00fa ajuda a reduir els embolics i els danys causats pel pentinat, facilitant el proc\u00e9s de desenredat. A m\u00e9s, est\u00e0 especialment indicat per a cabells de tipus 3 i 4. <\/p>\n","protected":false},"excerpt":{"rendered":"<p>L&#8217;As I Am Long &amp; Luxe Strengthening Shampoo \u00e9s un xamp\u00fa hidratant formulat per netejar suaument el cabell i el cuir cabellut, alhora que afegeix hidrataci\u00f3<span class=\"excerpt-hellip\"> [\u2026]<\/span><\/p>\n","protected":false},"featured_media":189771,"comment_status":"open","ping_status":"closed","template":"","meta":[],"product_cat":[8423,24329],"product_tag":[],"_links":{"self":[{"href":"https:\/\/www.laperlavalles.cat\/ca\/wp-json\/wp\/v2\/product\/189779"}],"collection":[{"href":"https:\/\/www.laperlavalles.cat\/ca\/wp-json\/wp\/v2\/product"}],"about":[{"href":"https:\/\/www.laperlavalles.cat\/ca\/wp-json\/wp\/v2\/types\/product"}],"replies":[{"embeddable":true,"href":"https:\/\/www.laperlavalles.cat\/ca\/wp-json\/wp\/v2\/comments?post=189779"}],"wp:featuredmedia":[{"embeddable":true,"href":"https:\/\/www.laperlavalles.cat\/ca\/wp-json\/wp\/v2\/media\/189771"}],"wp:attachment":[{"href":"https:\/\/www.laperlavalles.cat\/ca\/wp-json\/wp\/v2\/media?parent=189779"}],"wp:term":[{"taxonomy":"product_cat","embeddable":true,"href":"https:\/\/www.laperlavalles.cat\/ca\/wp-json\/wp\/v2\/product_cat?post=189779"},{"taxonomy":"product_tag","embeddable":true,"href":"https:\/\/www.laperlavalles.cat\/ca\/wp-json\/wp\/v2\/product_tag?post=189779"}],"curies":[{"name":"wp","href":"https:\/\/api.w.org\/{rel}","templated":true}]}}

<p>L&#8217;As I Am Long &amp; Luxe Strengthening Shampoo és un xampú hidratant formulat per netejar suaument el cabell i el cuir cabellut, alhora que afegeix hidratació i enforteix el cabell per afavorir una major longitud. Enriquit amb extractes de magrana i fruita de la passió, aquest xampú ajuda a reduir els embolics i els danys causats pel pentinat, facilitant el procés de desenredat. A més, està especialment indicat per a cabells de tipus 3 i 4. </p>

<p>L&#8217;As I Am Long &amp; Luxe Strengthening Shampoo és un xampú hidratant formulat per netejar suaument el cabell i el cuir cabellut, alhora que afegeix hidratació<span class="excerpt-hellip"> […]</span></p>
