{"id":189799,"date":"2025-03-17T14:22:13","date_gmt":"2025-03-17T13:22:20","guid":{"rendered":"https:\/\/www.laperlavalles.cat\/product\/as-i-am-jamaican-black-castor-oil-water-473ml\/"},"modified":"2025-03-27T13:23:12","modified_gmt":"2025-03-27T12:23:12","slug":"as-i-am-jamaican-black-castor-oil-water-473ml","status":"publish","type":"product","link":"https:\/\/www.laperlavalles.cat\/ca\/producte\/as-i-am-jamaican-black-castor-oil-water-473ml\/","title":{"rendered":"AS I AM JAMAICAN BLACK CASTOR OIL WATER 473ML"},"content":{"rendered":"<p>L&#8217;As I Am Jamaican Black Castor Oil Water \u00e9s una aigua hidratant dissenyada per revitalitzar i enfortir el cabell natural. Utilitza la nanotecnologia per distribuir uniformement l&#8217;oli de ric\u00ed negre jamaic\u00e0, juntament amb vitamines C i E, sobre cada fil de cabell, augmentant i retenint la humitat necess\u00e0ria per mantenir un cabell saludable. Aquesta f\u00f3rmula especial permet una millor penetraci\u00f3 dels ingredients beneficiosos en la fibra capil\u00b7lar, augmentant la seva for\u00e7a i millorant la manejabilitat.<\/p>\n","protected":false},"excerpt":{"rendered":"<p>L&#8217;As I Am Jamaican Black Castor Oil Water \u00e9s una aigua hidratant dissenyada per revitalitzar i enfortir el cabell natural. Utilitza la nanotecnologia per distribuir uniformement<span class=\"excerpt-hellip\"> [\u2026]<\/span><\/p>\n","protected":false},"featured_media":189791,"comment_status":"open","ping_status":"closed","template":"","meta":[],"product_cat":[8423,24329],"product_tag":[],"_links":{"self":[{"href":"https:\/\/www.laperlavalles.cat\/ca\/wp-json\/wp\/v2\/product\/189799"}],"collection":[{"href":"https:\/\/www.laperlavalles.cat\/ca\/wp-json\/wp\/v2\/product"}],"about":[{"href":"https:\/\/www.laperlavalles.cat\/ca\/wp-json\/wp\/v2\/types\/product"}],"replies":[{"embeddable":true,"href":"https:\/\/www.laperlavalles.cat\/ca\/wp-json\/wp\/v2\/comments?post=189799"}],"wp:featuredmedia":[{"embeddable":true,"href":"https:\/\/www.laperlavalles.cat\/ca\/wp-json\/wp\/v2\/media\/189791"}],"wp:attachment":[{"href":"https:\/\/www.laperlavalles.cat\/ca\/wp-json\/wp\/v2\/media?parent=189799"}],"wp:term":[{"taxonomy":"product_cat","embeddable":true,"href":"https:\/\/www.laperlavalles.cat\/ca\/wp-json\/wp\/v2\/product_cat?post=189799"},{"taxonomy":"product_tag","embeddable":true,"href":"https:\/\/www.laperlavalles.cat\/ca\/wp-json\/wp\/v2\/product_tag?post=189799"}],"curies":[{"name":"wp","href":"https:\/\/api.w.org\/{rel}","templated":true}]}}

<p>L&#8217;As I Am Jamaican Black Castor Oil Water és una aigua hidratant dissenyada per revitalitzar i enfortir el cabell natural. Utilitza la nanotecnologia per distribuir uniformement l&#8217;oli de ricí negre jamaicà, juntament amb vitamines C i E, sobre cada fil de cabell, augmentant i retenint la humitat necessària per mantenir un cabell saludable. Aquesta fórmula especial permet una millor penetració dels ingredients beneficiosos en la fibra capil·lar, augmentant la seva força i millorant la manejabilitat.</p>

<p>L&#8217;As I Am Jamaican Black Castor Oil Water és una aigua hidratant dissenyada per revitalitzar i enfortir el cabell natural. Utilitza la nanotecnologia per distribuir uniformement<span class="excerpt-hellip"> […]</span></p>
