{"id":190879,"date":"2025-03-24T10:05:10","date_gmt":"2025-03-24T09:05:17","guid":{"rendered":"https:\/\/www.laperlavalles.cat\/product\/aunt-jackies-kids-soft-sassy-conditioner-426g\/"},"modified":"2025-03-24T10:36:07","modified_gmt":"2025-03-24T09:36:07","slug":"aunt-jackies-kids-soft-sassy-conditioner-426g","status":"publish","type":"product","link":"https:\/\/www.laperlavalles.cat\/ca\/producte\/aunt-jackies-kids-soft-sassy-conditioner-426g\/","title":{"rendered":"AUNT JACKIE&#8217;S KIDS SOFT &amp; SASSY CONDITIONER 426G"},"content":{"rendered":"<p>El AUNT JACKIE&#8217;S KIDS SOFT &amp; SASSY CONDITIONER \u00e9s un condicionador ultra hidratant formulat per als cabells delicats dels infants. Amb oli de coco i mantega de karit\u00e9, nodreix, desembolica i suavitza, fent el pentinat m\u00e9s f\u00e0cil.<\/p>\n","protected":false},"excerpt":{"rendered":"<p>El AUNT JACKIE&#8217;S KIDS SOFT &amp; SASSY CONDITIONER \u00e9s un condicionador ultra hidratant formulat per als cabells delicats dels infants. Amb oli de coco i mantega<span class=\"excerpt-hellip\"> [\u2026]<\/span><\/p>\n","protected":false},"featured_media":190871,"comment_status":"open","ping_status":"closed","template":"","meta":[],"product_cat":[8423,24329],"product_tag":[],"_links":{"self":[{"href":"https:\/\/www.laperlavalles.cat\/ca\/wp-json\/wp\/v2\/product\/190879"}],"collection":[{"href":"https:\/\/www.laperlavalles.cat\/ca\/wp-json\/wp\/v2\/product"}],"about":[{"href":"https:\/\/www.laperlavalles.cat\/ca\/wp-json\/wp\/v2\/types\/product"}],"replies":[{"embeddable":true,"href":"https:\/\/www.laperlavalles.cat\/ca\/wp-json\/wp\/v2\/comments?post=190879"}],"wp:featuredmedia":[{"embeddable":true,"href":"https:\/\/www.laperlavalles.cat\/ca\/wp-json\/wp\/v2\/media\/190871"}],"wp:attachment":[{"href":"https:\/\/www.laperlavalles.cat\/ca\/wp-json\/wp\/v2\/media?parent=190879"}],"wp:term":[{"taxonomy":"product_cat","embeddable":true,"href":"https:\/\/www.laperlavalles.cat\/ca\/wp-json\/wp\/v2\/product_cat?post=190879"},{"taxonomy":"product_tag","embeddable":true,"href":"https:\/\/www.laperlavalles.cat\/ca\/wp-json\/wp\/v2\/product_tag?post=190879"}],"curies":[{"name":"wp","href":"https:\/\/api.w.org\/{rel}","templated":true}]}}

<p>El AUNT JACKIE&#8217;S KIDS SOFT &amp; SASSY CONDITIONER és un condicionador ultra hidratant formulat per als cabells delicats dels infants. Amb oli de coco i mantega de karité, nodreix, desembolica i suavitza, fent el pentinat més fàcil.</p>

<p>El AUNT JACKIE&#8217;S KIDS SOFT &amp; SASSY CONDITIONER és un condicionador ultra hidratant formulat per als cabells delicats dels infants. Amb oli de coco i mantega<span class="excerpt-hellip"> […]</span></p>
