{"id":191834,"date":"2025-03-28T11:20:40","date_gmt":"2025-03-28T10:20:47","guid":{"rendered":"https:\/\/www.laperlavalles.cat\/product\/caldo-cal-nort-pollo-1kg-calnort\/"},"modified":"2025-03-28T11:50:07","modified_gmt":"2025-03-28T10:50:07","slug":"caldo-cal-nort-pollo-1kg-calnort","status":"publish","type":"product","link":"https:\/\/www.laperlavalles.cat\/ca\/producte\/caldo-cal-nort-pollo-1kg-calnort\/","title":{"rendered":"CALDO CAL NORT POLLO 1KG CALNORT"},"content":{"rendered":"<p>Calnort \u00e9s una marca de caldos deshidratats especialitzada en caldo de pollastre. Els seus productes es caracteritzen per la seva alta qualitat i sabor intens, elaborats amb ingredients curosament seleccionats per oferir una experi\u00e8ncia gustativa excepcional. Els caldos de pollastre Calnort s\u00f3n f\u00e0cils de preparar i s\u00f3n una opci\u00f3 ideal per a aquells que busquen conveni\u00e8ncia i sabor en el seu dia a dia.<\/p>\n","protected":false},"excerpt":{"rendered":"<p>Calnort \u00e9s una marca de caldos deshidratats especialitzada en caldo de pollastre. Els seus productes es caracteritzen per la seva alta qualitat i sabor intens, elaborats<span class=\"excerpt-hellip\"> [\u2026]<\/span><\/p>\n","protected":false},"featured_media":191826,"comment_status":"open","ping_status":"closed","template":"","meta":[],"product_cat":[10617],"product_tag":[],"_links":{"self":[{"href":"https:\/\/www.laperlavalles.cat\/ca\/wp-json\/wp\/v2\/product\/191834"}],"collection":[{"href":"https:\/\/www.laperlavalles.cat\/ca\/wp-json\/wp\/v2\/product"}],"about":[{"href":"https:\/\/www.laperlavalles.cat\/ca\/wp-json\/wp\/v2\/types\/product"}],"replies":[{"embeddable":true,"href":"https:\/\/www.laperlavalles.cat\/ca\/wp-json\/wp\/v2\/comments?post=191834"}],"wp:featuredmedia":[{"embeddable":true,"href":"https:\/\/www.laperlavalles.cat\/ca\/wp-json\/wp\/v2\/media\/191826"}],"wp:attachment":[{"href":"https:\/\/www.laperlavalles.cat\/ca\/wp-json\/wp\/v2\/media?parent=191834"}],"wp:term":[{"taxonomy":"product_cat","embeddable":true,"href":"https:\/\/www.laperlavalles.cat\/ca\/wp-json\/wp\/v2\/product_cat?post=191834"},{"taxonomy":"product_tag","embeddable":true,"href":"https:\/\/www.laperlavalles.cat\/ca\/wp-json\/wp\/v2\/product_tag?post=191834"}],"curies":[{"name":"wp","href":"https:\/\/api.w.org\/{rel}","templated":true}]}}

<p>Calnort és una marca de caldos deshidratats especialitzada en caldo de pollastre. Els seus productes es caracteritzen per la seva alta qualitat i sabor intens, elaborats amb ingredients curosament seleccionats per oferir una experiència gustativa excepcional. Els caldos de pollastre Calnort són fàcils de preparar i són una opció ideal per a aquells que busquen conveniència i sabor en el seu dia a dia.</p>

<p>Calnort és una marca de caldos deshidratats especialitzada en caldo de pollastre. Els seus productes es caracteritzen per la seva alta qualitat i sabor intens, elaborats<span class="excerpt-hellip"> […]</span></p>
