{"id":192074,"date":"2025-04-30T08:22:31","date_gmt":"2025-04-30T06:22:38","guid":{"rendered":"https:\/\/www.laperlavalles.cat\/product\/vitals-olive-oil-frizz-free-serum-6oz\/"},"modified":"2025-05-12T15:44:09","modified_gmt":"2025-05-12T13:44:09","slug":"vitals-olive-oil-frizz-free-serum-6oz","status":"publish","type":"product","link":"https:\/\/www.laperlavalles.cat\/ca\/producte\/vitals-olive-oil-frizz-free-serum-6oz\/","title":{"rendered":"VITALS OLIVE OIL FRIZZ FREE SERUM 6OZ"},"content":{"rendered":"<p>Aquest s\u00e8rum transforma instant\u00e0niament els cabells secs, crespats o qu\u00edmicament tractats en una cabellera suau, brillant i f\u00e0cil de pentinar. Enriquit amb oli d\u2019oliva, la seva f\u00f3rmula lleugera, no greixosa ni enganxosa, elimina l\u2019encrespament i proporciona un acabat polit i manejable.<\/p>\n","protected":false},"excerpt":{"rendered":"<p>Aquest s\u00e8rum transforma instant\u00e0niament els cabells secs, crespats o qu\u00edmicament tractats en una cabellera suau, brillant i f\u00e0cil de pentinar. Enriquit amb oli d\u2019oliva, la seva<span class=\"excerpt-hellip\"> [\u2026]<\/span><\/p>\n","protected":false},"featured_media":192066,"comment_status":"open","ping_status":"closed","template":"","meta":[],"product_cat":[8423,24329],"product_tag":[],"_links":{"self":[{"href":"https:\/\/www.laperlavalles.cat\/ca\/wp-json\/wp\/v2\/product\/192074"}],"collection":[{"href":"https:\/\/www.laperlavalles.cat\/ca\/wp-json\/wp\/v2\/product"}],"about":[{"href":"https:\/\/www.laperlavalles.cat\/ca\/wp-json\/wp\/v2\/types\/product"}],"replies":[{"embeddable":true,"href":"https:\/\/www.laperlavalles.cat\/ca\/wp-json\/wp\/v2\/comments?post=192074"}],"wp:featuredmedia":[{"embeddable":true,"href":"https:\/\/www.laperlavalles.cat\/ca\/wp-json\/wp\/v2\/media\/192066"}],"wp:attachment":[{"href":"https:\/\/www.laperlavalles.cat\/ca\/wp-json\/wp\/v2\/media?parent=192074"}],"wp:term":[{"taxonomy":"product_cat","embeddable":true,"href":"https:\/\/www.laperlavalles.cat\/ca\/wp-json\/wp\/v2\/product_cat?post=192074"},{"taxonomy":"product_tag","embeddable":true,"href":"https:\/\/www.laperlavalles.cat\/ca\/wp-json\/wp\/v2\/product_tag?post=192074"}],"curies":[{"name":"wp","href":"https:\/\/api.w.org\/{rel}","templated":true}]}}

<p>Aquest sèrum transforma instantàniament els cabells secs, crespats o químicament tractats en una cabellera suau, brillant i fàcil de pentinar. Enriquit amb oli d’oliva, la seva fórmula lleugera, no greixosa ni enganxosa, elimina l’encrespament i proporciona un acabat polit i manejable.</p>

<p>Aquest sèrum transforma instantàniament els cabells secs, crespats o químicament tractats en una cabellera suau, brillant i fàcil de pentinar. Enriquit amb oli d’oliva, la seva<span class="excerpt-hellip"> […]</span></p>
