{"id":192134,"date":"2025-04-30T08:33:04","date_gmt":"2025-04-30T06:33:11","guid":{"rendered":"https:\/\/www.laperlavalles.cat\/product\/vitals-olive-oil-hair-polisher-6oz\/"},"modified":"2025-05-12T15:47:52","modified_gmt":"2025-05-12T13:47:52","slug":"vitals-olive-oil-hair-polisher-6oz","status":"publish","type":"product","link":"https:\/\/www.laperlavalles.cat\/ca\/producte\/vitals-olive-oil-hair-polisher-6oz\/","title":{"rendered":"VITALS OLIVE OIL HAIR POLISHER 6OZ"},"content":{"rendered":"<p>El Vitale Olive Oil Hair Polisher 6oz \u00e9s un s\u00e8rum lleuger que combina oli d&#8217;oliva i vitamina E per aportar brillantor, suavitat i protecci\u00f3 contra la trencadissa del cabell. Ideal per a cabell sec, arrissat o exposat a calor, combat l&#8217;encrespament i millora l&#8217;elasticitat sense deixar residus greixosos.?<\/p>\n","protected":false},"excerpt":{"rendered":"<p>El Vitale Olive Oil Hair Polisher 6oz \u00e9s un s\u00e8rum lleuger que combina oli d&#8217;oliva i vitamina E per aportar brillantor, suavitat i protecci\u00f3 contra la<span class=\"excerpt-hellip\"> [\u2026]<\/span><\/p>\n","protected":false},"featured_media":192126,"comment_status":"open","ping_status":"closed","template":"","meta":[],"product_cat":[8423,24329],"product_tag":[],"_links":{"self":[{"href":"https:\/\/www.laperlavalles.cat\/ca\/wp-json\/wp\/v2\/product\/192134"}],"collection":[{"href":"https:\/\/www.laperlavalles.cat\/ca\/wp-json\/wp\/v2\/product"}],"about":[{"href":"https:\/\/www.laperlavalles.cat\/ca\/wp-json\/wp\/v2\/types\/product"}],"replies":[{"embeddable":true,"href":"https:\/\/www.laperlavalles.cat\/ca\/wp-json\/wp\/v2\/comments?post=192134"}],"wp:featuredmedia":[{"embeddable":true,"href":"https:\/\/www.laperlavalles.cat\/ca\/wp-json\/wp\/v2\/media\/192126"}],"wp:attachment":[{"href":"https:\/\/www.laperlavalles.cat\/ca\/wp-json\/wp\/v2\/media?parent=192134"}],"wp:term":[{"taxonomy":"product_cat","embeddable":true,"href":"https:\/\/www.laperlavalles.cat\/ca\/wp-json\/wp\/v2\/product_cat?post=192134"},{"taxonomy":"product_tag","embeddable":true,"href":"https:\/\/www.laperlavalles.cat\/ca\/wp-json\/wp\/v2\/product_tag?post=192134"}],"curies":[{"name":"wp","href":"https:\/\/api.w.org\/{rel}","templated":true}]}}

<p>El Vitale Olive Oil Hair Polisher 6oz és un sèrum lleuger que combina oli d&#8217;oliva i vitamina E per aportar brillantor, suavitat i protecció contra la trencadissa del cabell. Ideal per a cabell sec, arrissat o exposat a calor, combat l&#8217;encrespament i millora l&#8217;elasticitat sense deixar residus greixosos.?</p>

<p>El Vitale Olive Oil Hair Polisher 6oz és un sèrum lleuger que combina oli d&#8217;oliva i vitamina E per aportar brillantor, suavitat i protecció contra la<span class="excerpt-hellip"> […]</span></p>
