{"id":192154,"date":"2025-04-30T08:35:06","date_gmt":"2025-04-30T06:35:13","guid":{"rendered":"https:\/\/www.laperlavalles.cat\/product\/vitals-olive-oil-hair-heat-protector-4oz\/"},"modified":"2025-05-12T15:49:44","modified_gmt":"2025-05-12T13:49:44","slug":"vitals-olive-oil-hair-heat-protector-4oz","status":"publish","type":"product","link":"https:\/\/www.laperlavalles.cat\/ca\/producte\/vitals-olive-oil-hair-heat-protector-4oz\/","title":{"rendered":"VITALS OLIVE OIL HAIR HEAT PROTECTOR 4OZ"},"content":{"rendered":"<p>El Vitale Olive Oil Hair Heat Protector 4oz \u00e9s un spray lleuger que protegeix el cabell de danys causats per l&#8217;\u00fas de dispositius d&#8217;estilitzaci\u00f3 t\u00e8rmica. Enriquit amb oli d&#8217;oliva i biotina, ajuda a mantenir l&#8217;equilibri d&#8217;humitat i aporta brillantor. Es recomana aplicar-lo sobre el cabell humit abans de l&#8217;\u00fas de calor.?<\/p>\n","protected":false},"excerpt":{"rendered":"<p>El Vitale Olive Oil Hair Heat Protector 4oz \u00e9s un spray lleuger que protegeix el cabell de danys causats per l&#8217;\u00fas de dispositius d&#8217;estilitzaci\u00f3 t\u00e8rmica. Enriquit<span class=\"excerpt-hellip\"> [\u2026]<\/span><\/p>\n","protected":false},"featured_media":192146,"comment_status":"open","ping_status":"closed","template":"","meta":[],"product_cat":[8423,24329],"product_tag":[],"_links":{"self":[{"href":"https:\/\/www.laperlavalles.cat\/ca\/wp-json\/wp\/v2\/product\/192154"}],"collection":[{"href":"https:\/\/www.laperlavalles.cat\/ca\/wp-json\/wp\/v2\/product"}],"about":[{"href":"https:\/\/www.laperlavalles.cat\/ca\/wp-json\/wp\/v2\/types\/product"}],"replies":[{"embeddable":true,"href":"https:\/\/www.laperlavalles.cat\/ca\/wp-json\/wp\/v2\/comments?post=192154"}],"wp:featuredmedia":[{"embeddable":true,"href":"https:\/\/www.laperlavalles.cat\/ca\/wp-json\/wp\/v2\/media\/192146"}],"wp:attachment":[{"href":"https:\/\/www.laperlavalles.cat\/ca\/wp-json\/wp\/v2\/media?parent=192154"}],"wp:term":[{"taxonomy":"product_cat","embeddable":true,"href":"https:\/\/www.laperlavalles.cat\/ca\/wp-json\/wp\/v2\/product_cat?post=192154"},{"taxonomy":"product_tag","embeddable":true,"href":"https:\/\/www.laperlavalles.cat\/ca\/wp-json\/wp\/v2\/product_tag?post=192154"}],"curies":[{"name":"wp","href":"https:\/\/api.w.org\/{rel}","templated":true}]}}

<p>El Vitale Olive Oil Hair Heat Protector 4oz és un spray lleuger que protegeix el cabell de danys causats per l&#8217;ús de dispositius d&#8217;estilització tèrmica. Enriquit amb oli d&#8217;oliva i biotina, ajuda a mantenir l&#8217;equilibri d&#8217;humitat i aporta brillantor. Es recomana aplicar-lo sobre el cabell humit abans de l&#8217;ús de calor.?</p>

<p>El Vitale Olive Oil Hair Heat Protector 4oz és un spray lleuger que protegeix el cabell de danys causats per l&#8217;ús de dispositius d&#8217;estilització tèrmica. Enriquit<span class="excerpt-hellip"> […]</span></p>
