{"id":192639,"date":"2025-04-30T09:48:22","date_gmt":"2025-04-30T07:48:22","guid":{"rendered":"https:\/\/www.laperlavalles.cat\/product\/bibigo-gyoza-de-vedella-bulgogi-congelat-600g-5\/"},"modified":"2025-04-30T09:48:22","modified_gmt":"2025-04-30T07:48:22","slug":"bibigo-gyoza-de-vedella-bulgogi-congelat-600g-5","status":"publish","type":"product","link":"https:\/\/www.laperlavalles.cat\/ca\/producte\/bibigo-gyoza-de-vedella-bulgogi-congelat-600g-5\/","title":{"rendered":"BIBIGO GYOZA DE VEDELLA BULGOGI CONGELAT 600G"},"content":{"rendered":"<p>Les Bibigo Gyoza de Vedella Bulgogi Congelades 600g s\u00f3n mandus coreans farcits de vedella marinada amb salsa de soja dol\u00e7a i salada, combinada amb verdures fresques com ceba tendra, col i pastanaga. El seu sabor aut\u00e8ntic i textura cruixent les fan ideals per fregir, cuinar al vapor o a la planxa.<\/p>\n","protected":false},"excerpt":{"rendered":"<p>Les Bibigo Gyoza de Vedella Bulgogi Congelades 600g s\u00f3n mandus coreans farcits de vedella marinada amb salsa de soja dol\u00e7a i salada, combinada amb verdures fresques<span class=\"excerpt-hellip\"> [\u2026]<\/span><\/p>\n","protected":false},"featured_media":192635,"comment_status":"open","ping_status":"closed","template":"","meta":[],"product_cat":[8506,8411],"product_tag":[],"_links":{"self":[{"href":"https:\/\/www.laperlavalles.cat\/ca\/wp-json\/wp\/v2\/product\/192639"}],"collection":[{"href":"https:\/\/www.laperlavalles.cat\/ca\/wp-json\/wp\/v2\/product"}],"about":[{"href":"https:\/\/www.laperlavalles.cat\/ca\/wp-json\/wp\/v2\/types\/product"}],"replies":[{"embeddable":true,"href":"https:\/\/www.laperlavalles.cat\/ca\/wp-json\/wp\/v2\/comments?post=192639"}],"wp:featuredmedia":[{"embeddable":true,"href":"https:\/\/www.laperlavalles.cat\/ca\/wp-json\/wp\/v2\/media\/192635"}],"wp:attachment":[{"href":"https:\/\/www.laperlavalles.cat\/ca\/wp-json\/wp\/v2\/media?parent=192639"}],"wp:term":[{"taxonomy":"product_cat","embeddable":true,"href":"https:\/\/www.laperlavalles.cat\/ca\/wp-json\/wp\/v2\/product_cat?post=192639"},{"taxonomy":"product_tag","embeddable":true,"href":"https:\/\/www.laperlavalles.cat\/ca\/wp-json\/wp\/v2\/product_tag?post=192639"}],"curies":[{"name":"wp","href":"https:\/\/api.w.org\/{rel}","templated":true}]}}

<p>Les Bibigo Gyoza de Vedella Bulgogi Congelades 600g són mandus coreans farcits de vedella marinada amb salsa de soja dolça i salada, combinada amb verdures fresques com ceba tendra, col i pastanaga. El seu sabor autèntic i textura cruixent les fan ideals per fregir, cuinar al vapor o a la planxa.</p>

<p>Les Bibigo Gyoza de Vedella Bulgogi Congelades 600g són mandus coreans farcits de vedella marinada amb salsa de soja dolça i salada, combinada amb verdures fresques<span class="excerpt-hellip"> […]</span></p>
