{"id":193119,"date":"2025-04-30T10:32:46","date_gmt":"2025-04-30T08:32:46","guid":{"rendered":"https:\/\/www.laperlavalles.cat\/product\/bibigo-gyoza-de-porc-i-verdures-congelat-600g-2\/"},"modified":"2025-04-30T10:32:46","modified_gmt":"2025-04-30T08:32:46","slug":"bibigo-gyoza-de-porc-i-verdures-congelat-600g-2","status":"publish","type":"product","link":"https:\/\/www.laperlavalles.cat\/ca\/producte\/bibigo-gyoza-de-porc-i-verdures-congelat-600g-2\/","title":{"rendered":"BIBIGO GYOZA DE PORC I VERDURES CONGELAT 600G"},"content":{"rendered":"<p>Les Bibigo Gyoza de Porc i Verdura Congelades 600g s\u00f3n mandus coreans farcits amb una combinaci\u00f3 suculenta de carn de porc i verdures fresques com col, ceba, ceba tendra, all i tofu. El seu embolcall fi i cruixent, elaborat amb ingredients naturals sense colorants ni conservants artificials, ofereix una experi\u00e8ncia gastron\u00f2mica aut\u00e8ntica. Ideals per fregir, cuinar al vapor o a la planxa, aquestes gyoza s\u00f3n perfectes com a plat principal, acompanyament o aperitiu.<\/p>\n","protected":false},"excerpt":{"rendered":"<p>Les Bibigo Gyoza de Porc i Verdura Congelades 600g s\u00f3n mandus coreans farcits amb una combinaci\u00f3 suculenta de carn de porc i verdures fresques com col,<span class=\"excerpt-hellip\"> [\u2026]<\/span><\/p>\n","protected":false},"featured_media":193115,"comment_status":"open","ping_status":"closed","template":"","meta":[],"product_cat":[8506,8411],"product_tag":[],"_links":{"self":[{"href":"https:\/\/www.laperlavalles.cat\/ca\/wp-json\/wp\/v2\/product\/193119"}],"collection":[{"href":"https:\/\/www.laperlavalles.cat\/ca\/wp-json\/wp\/v2\/product"}],"about":[{"href":"https:\/\/www.laperlavalles.cat\/ca\/wp-json\/wp\/v2\/types\/product"}],"replies":[{"embeddable":true,"href":"https:\/\/www.laperlavalles.cat\/ca\/wp-json\/wp\/v2\/comments?post=193119"}],"wp:featuredmedia":[{"embeddable":true,"href":"https:\/\/www.laperlavalles.cat\/ca\/wp-json\/wp\/v2\/media\/193115"}],"wp:attachment":[{"href":"https:\/\/www.laperlavalles.cat\/ca\/wp-json\/wp\/v2\/media?parent=193119"}],"wp:term":[{"taxonomy":"product_cat","embeddable":true,"href":"https:\/\/www.laperlavalles.cat\/ca\/wp-json\/wp\/v2\/product_cat?post=193119"},{"taxonomy":"product_tag","embeddable":true,"href":"https:\/\/www.laperlavalles.cat\/ca\/wp-json\/wp\/v2\/product_tag?post=193119"}],"curies":[{"name":"wp","href":"https:\/\/api.w.org\/{rel}","templated":true}]}}

<p>Les Bibigo Gyoza de Porc i Verdura Congelades 600g són mandus coreans farcits amb una combinació suculenta de carn de porc i verdures fresques com col, ceba, ceba tendra, all i tofu. El seu embolcall fi i cruixent, elaborat amb ingredients naturals sense colorants ni conservants artificials, ofereix una experiència gastronòmica autèntica. Ideals per fregir, cuinar al vapor o a la planxa, aquestes gyoza són perfectes com a plat principal, acompanyament o aperitiu.</p>

<p>Les Bibigo Gyoza de Porc i Verdura Congelades 600g són mandus coreans farcits amb una combinació suculenta de carn de porc i verdures fresques com col,<span class="excerpt-hellip"> […]</span></p>
