{"id":193209,"date":"2025-04-30T10:42:13","date_gmt":"2025-04-30T08:42:13","guid":{"rendered":"https:\/\/www.laperlavalles.cat\/product\/pollastre-fregit-estil-corea-amb-salsa-dolca-i-picant-350g-bibigo-congelat-2\/"},"modified":"2025-04-30T10:42:13","modified_gmt":"2025-04-30T08:42:13","slug":"pollastre-fregit-estil-corea-amb-salsa-dolca-i-picant-350g-bibigo-congelat-2","status":"publish","type":"product","link":"https:\/\/www.laperlavalles.cat\/ca\/producte\/pollastre-fregit-estil-corea-amb-salsa-dolca-i-picant-350g-bibigo-congelat-2\/","title":{"rendered":"POLLASTRE FREGIT ESTIL CORE\u00c0 AMB SALSA DOL\u00c7A I PICANT 350G BIBIGO CONGELAT"},"content":{"rendered":"<p>Pollastre fregit Estil Core\u00e0 amb Salsa Dol\u00e7a i Picant 350g Bibigo Congelat: Pollastre fregit cruixent amb salsa dol\u00e7a i picant, perfecte per a un \u00e0pat r\u00e0pid i sabor\u00f3s. Es pot cuinar al forn o fregir per obtenir la textura ideal<\/p>\n","protected":false},"excerpt":{"rendered":"<p>Pollastre fregit Estil Core\u00e0 amb Salsa Dol\u00e7a i Picant 350g Bibigo Congelat: Pollastre fregit cruixent amb salsa dol\u00e7a i picant, perfecte per a un \u00e0pat r\u00e0pid<span class=\"excerpt-hellip\"> [\u2026]<\/span><\/p>\n","protected":false},"featured_media":193205,"comment_status":"open","ping_status":"closed","template":"","meta":[],"product_cat":[8506,8411],"product_tag":[],"_links":{"self":[{"href":"https:\/\/www.laperlavalles.cat\/ca\/wp-json\/wp\/v2\/product\/193209"}],"collection":[{"href":"https:\/\/www.laperlavalles.cat\/ca\/wp-json\/wp\/v2\/product"}],"about":[{"href":"https:\/\/www.laperlavalles.cat\/ca\/wp-json\/wp\/v2\/types\/product"}],"replies":[{"embeddable":true,"href":"https:\/\/www.laperlavalles.cat\/ca\/wp-json\/wp\/v2\/comments?post=193209"}],"wp:featuredmedia":[{"embeddable":true,"href":"https:\/\/www.laperlavalles.cat\/ca\/wp-json\/wp\/v2\/media\/193205"}],"wp:attachment":[{"href":"https:\/\/www.laperlavalles.cat\/ca\/wp-json\/wp\/v2\/media?parent=193209"}],"wp:term":[{"taxonomy":"product_cat","embeddable":true,"href":"https:\/\/www.laperlavalles.cat\/ca\/wp-json\/wp\/v2\/product_cat?post=193209"},{"taxonomy":"product_tag","embeddable":true,"href":"https:\/\/www.laperlavalles.cat\/ca\/wp-json\/wp\/v2\/product_tag?post=193209"}],"curies":[{"name":"wp","href":"https:\/\/api.w.org\/{rel}","templated":true}]}}

POLLASTRE FREGIT ESTIL COREÀ AMB SALSA DOLÇA I PICANT 350G BIBIGO CONGELAT

<p>Pollastre fregit Estil Coreà amb Salsa Dolça i Picant 350g Bibigo Congelat: Pollastre fregit cruixent amb salsa dolça i picant, perfecte per a un àpat ràpid i saborós. Es pot cuinar al forn o fregir per obtenir la textura ideal</p>

<p>Pollastre fregit Estil Coreà amb Salsa Dolça i Picant 350g Bibigo Congelat: Pollastre fregit cruixent amb salsa dolça i picant, perfecte per a un àpat ràpid<span class="excerpt-hellip"> […]</span></p>
