{"id":193444,"date":"2025-04-30T11:00:26","date_gmt":"2025-04-30T09:00:33","guid":{"rendered":"https:\/\/www.laperlavalles.cat\/product\/dumpling-corea-bbq-525g-bibigo-congelat\/"},"modified":"2026-03-27T12:51:26","modified_gmt":"2026-03-27T11:51:26","slug":"dumpling-corea-bbq-525g-bibigo-congelat","status":"publish","type":"product","link":"https:\/\/www.laperlavalles.cat\/ca\/producte\/dumpling-corea-bbq-525g-bibigo-congelat\/","title":{"rendered":"DUMPLING CORE\u00c0 BBQ 525G BIBIGO CONGELAT"},"content":{"rendered":"<p>Els Dumplings Coreans BBQ 525g Bibigo Congelats s\u00f3n mandus coreans farcits amb una combinaci\u00f3 de carn de vedella i verdures com col, ceba, cebolleta i all, tot amanit amb una salsa barbacoa coreana. La seva massa fina es pot cuinar al vapor o fregir per obtenir una textura cruixent.<\/p>\n","protected":false},"excerpt":{"rendered":"<p>Els Dumplings Coreans BBQ 525g Bibigo Congelats s\u00f3n mandus coreans farcits amb una combinaci\u00f3 de carn de vedella i verdures com col, ceba, cebolleta i all,<span class=\"excerpt-hellip\"> [\u2026]<\/span><\/p>\n","protected":false},"featured_media":193436,"comment_status":"open","ping_status":"closed","template":"","meta":[],"product_cat":[8411],"product_tag":[],"_links":{"self":[{"href":"https:\/\/www.laperlavalles.cat\/ca\/wp-json\/wp\/v2\/product\/193444"}],"collection":[{"href":"https:\/\/www.laperlavalles.cat\/ca\/wp-json\/wp\/v2\/product"}],"about":[{"href":"https:\/\/www.laperlavalles.cat\/ca\/wp-json\/wp\/v2\/types\/product"}],"replies":[{"embeddable":true,"href":"https:\/\/www.laperlavalles.cat\/ca\/wp-json\/wp\/v2\/comments?post=193444"}],"wp:featuredmedia":[{"embeddable":true,"href":"https:\/\/www.laperlavalles.cat\/ca\/wp-json\/wp\/v2\/media\/193436"}],"wp:attachment":[{"href":"https:\/\/www.laperlavalles.cat\/ca\/wp-json\/wp\/v2\/media?parent=193444"}],"wp:term":[{"taxonomy":"product_cat","embeddable":true,"href":"https:\/\/www.laperlavalles.cat\/ca\/wp-json\/wp\/v2\/product_cat?post=193444"},{"taxonomy":"product_tag","embeddable":true,"href":"https:\/\/www.laperlavalles.cat\/ca\/wp-json\/wp\/v2\/product_tag?post=193444"}],"curies":[{"name":"wp","href":"https:\/\/api.w.org\/{rel}","templated":true}]}}

DUMPLING COREÀ BBQ 525G BIBIGO CONGELAT

<p>Els Dumplings Coreans BBQ 525g Bibigo Congelats són mandus coreans farcits amb una combinació de carn de vedella i verdures com col, ceba, cebolleta i all, tot amanit amb una salsa barbacoa coreana. La seva massa fina es pot cuinar al vapor o fregir per obtenir una textura cruixent.</p>

<p>Els Dumplings Coreans BBQ 525g Bibigo Congelats són mandus coreans farcits amb una combinació de carn de vedella i verdures com col, ceba, cebolleta i all,<span class="excerpt-hellip"> […]</span></p>
