{"id":195203,"date":"2025-06-09T10:16:57","date_gmt":"2025-06-09T08:16:57","guid":{"rendered":"https:\/\/www.laperlavalles.cat\/product\/salsa-hoisin-570g-pearl-river-bridge-4\/"},"modified":"2025-06-09T10:16:57","modified_gmt":"2025-06-09T08:16:57","slug":"salsa-hoisin-570g-pearl-river-bridge-4","status":"publish","type":"product","link":"https:\/\/www.laperlavalles.cat\/ca\/producte\/salsa-hoisin-570g-pearl-river-bridge-4\/","title":{"rendered":"SALSA HOISIN 570G PEARL RIVER BRIDGE"},"content":{"rendered":"<p>Salsa asi\u00e0tica espessa i arom\u00e0tica feta amb pasta de soja fermentada, sucre, vinagre, all i esp\u00e8cies. T\u00e9 un sabor dol\u00e7, salat i lleugerament especiat, ideal per acompanyar plats asi\u00e0tics com l\u2019\u00e0nec pequin\u00e8s i els rotllets de primavera.<\/p>\n","protected":false},"excerpt":{"rendered":"<p>Salsa asi\u00e0tica espessa i arom\u00e0tica feta amb pasta de soja fermentada, sucre, vinagre, all i esp\u00e8cies. T\u00e9 un sabor dol\u00e7, salat i lleugerament especiat, ideal per<span class=\"excerpt-hellip\"> [\u2026]<\/span><\/p>\n","protected":false},"featured_media":195199,"comment_status":"open","ping_status":"closed","template":"","meta":[],"product_cat":[8411,8504],"product_tag":[],"_links":{"self":[{"href":"https:\/\/www.laperlavalles.cat\/ca\/wp-json\/wp\/v2\/product\/195203"}],"collection":[{"href":"https:\/\/www.laperlavalles.cat\/ca\/wp-json\/wp\/v2\/product"}],"about":[{"href":"https:\/\/www.laperlavalles.cat\/ca\/wp-json\/wp\/v2\/types\/product"}],"replies":[{"embeddable":true,"href":"https:\/\/www.laperlavalles.cat\/ca\/wp-json\/wp\/v2\/comments?post=195203"}],"wp:featuredmedia":[{"embeddable":true,"href":"https:\/\/www.laperlavalles.cat\/ca\/wp-json\/wp\/v2\/media\/195199"}],"wp:attachment":[{"href":"https:\/\/www.laperlavalles.cat\/ca\/wp-json\/wp\/v2\/media?parent=195203"}],"wp:term":[{"taxonomy":"product_cat","embeddable":true,"href":"https:\/\/www.laperlavalles.cat\/ca\/wp-json\/wp\/v2\/product_cat?post=195203"},{"taxonomy":"product_tag","embeddable":true,"href":"https:\/\/www.laperlavalles.cat\/ca\/wp-json\/wp\/v2\/product_tag?post=195203"}],"curies":[{"name":"wp","href":"https:\/\/api.w.org\/{rel}","templated":true}]}}

<p>Salsa asiàtica espessa i aromàtica feta amb pasta de soja fermentada, sucre, vinagre, all i espècies. Té un sabor dolç, salat i lleugerament especiat, ideal per acompanyar plats asiàtics com l’ànec pequinès i els rotllets de primavera.</p>

<p>Salsa asiàtica espessa i aromàtica feta amb pasta de soja fermentada, sucre, vinagre, all i espècies. Té un sabor dolç, salat i lleugerament especiat, ideal per<span class="excerpt-hellip"> […]</span></p>
