{"id":197033,"date":"2025-06-10T09:06:11","date_gmt":"2025-06-10T07:06:18","guid":{"rendered":"https:\/\/www.laperlavalles.cat\/product\/camille-rose-aloe-whipped-butter-gel-8oz\/"},"modified":"2025-06-10T14:25:49","modified_gmt":"2025-06-10T12:25:49","slug":"camille-rose-aloe-whipped-butter-gel-8oz","status":"publish","type":"product","link":"https:\/\/www.laperlavalles.cat\/ca\/producte\/camille-rose-aloe-whipped-butter-gel-8oz\/","title":{"rendered":"CAMILLE ROSE ALOE WHIPPED BUTTER GEL 8OZ"},"content":{"rendered":"<p>Gel mantega lleuger i sed\u00f3s per a cabells arrissats, ondulats o afro. Formulat amb \u00e0loe vera, olis de macad\u00e0mia, ametlla, jojoba, alvocat i ric\u00ed, aix\u00ed com extractes de te verd, olme i roman\u00ed, aporta hidrataci\u00f3 profunda, definici\u00f3 i una fixaci\u00f3 suau sense encrespament ni residus. Nutreix, suavitza, facilita el pentinat i protegeix el cabell de la trencadissa. Es pot utilitzar tant com a gel de definici\u00f3 com a leave-in per aportar suavitat i lluentor natural.<\/p>\n","protected":false},"excerpt":{"rendered":"<p>Gel mantega lleuger i sed\u00f3s per a cabells arrissats, ondulats o afro. Formulat amb \u00e0loe vera, olis de macad\u00e0mia, ametlla, jojoba, alvocat i ric\u00ed, aix\u00ed com<span class=\"excerpt-hellip\"> [\u2026]<\/span><\/p>\n","protected":false},"featured_media":197025,"comment_status":"open","ping_status":"closed","template":"","meta":[],"product_cat":[8423,24329],"product_tag":[],"_links":{"self":[{"href":"https:\/\/www.laperlavalles.cat\/ca\/wp-json\/wp\/v2\/product\/197033"}],"collection":[{"href":"https:\/\/www.laperlavalles.cat\/ca\/wp-json\/wp\/v2\/product"}],"about":[{"href":"https:\/\/www.laperlavalles.cat\/ca\/wp-json\/wp\/v2\/types\/product"}],"replies":[{"embeddable":true,"href":"https:\/\/www.laperlavalles.cat\/ca\/wp-json\/wp\/v2\/comments?post=197033"}],"wp:featuredmedia":[{"embeddable":true,"href":"https:\/\/www.laperlavalles.cat\/ca\/wp-json\/wp\/v2\/media\/197025"}],"wp:attachment":[{"href":"https:\/\/www.laperlavalles.cat\/ca\/wp-json\/wp\/v2\/media?parent=197033"}],"wp:term":[{"taxonomy":"product_cat","embeddable":true,"href":"https:\/\/www.laperlavalles.cat\/ca\/wp-json\/wp\/v2\/product_cat?post=197033"},{"taxonomy":"product_tag","embeddable":true,"href":"https:\/\/www.laperlavalles.cat\/ca\/wp-json\/wp\/v2\/product_tag?post=197033"}],"curies":[{"name":"wp","href":"https:\/\/api.w.org\/{rel}","templated":true}]}}

<p>Gel mantega lleuger i sedós per a cabells arrissats, ondulats o afro. Formulat amb àloe vera, olis de macadàmia, ametlla, jojoba, alvocat i ricí, així com extractes de te verd, olme i romaní, aporta hidratació profunda, definició i una fixació suau sense encrespament ni residus. Nutreix, suavitza, facilita el pentinat i protegeix el cabell de la trencadissa. Es pot utilitzar tant com a gel de definició com a leave-in per aportar suavitat i lluentor natural.</p>

<p>Gel mantega lleuger i sedós per a cabells arrissats, ondulats o afro. Formulat amb àloe vera, olis de macadàmia, ametlla, jojoba, alvocat i ricí, així com<span class="excerpt-hellip"> […]</span></p>
