{"id":197073,"date":"2025-06-10T09:08:46","date_gmt":"2025-06-10T07:08:52","guid":{"rendered":"https:\/\/www.laperlavalles.cat\/product\/sedal-defined-curls-xampu-400ml\/"},"modified":"2025-07-01T16:32:25","modified_gmt":"2025-07-01T14:32:25","slug":"sedal-defined-curls-xampu-400ml","status":"publish","type":"product","link":"https:\/\/www.laperlavalles.cat\/ca\/producte\/sedal-defined-curls-xampu-400ml\/","title":{"rendered":"SEDAL DEFINED CURLS XAMP\u00da 400ML"},"content":{"rendered":"<p>Xamp\u00fa formulat espec\u00edficament per a cabells arrissats, amb oli de coco, provitamina B5 i elastina per nodrir, hidratar i definir els r\u00ednxols. Ajuda a controlar l\u2019encrespament, mant\u00e9 els r\u00ednxols hidratats i definits tot el dia i deixa el cabell suau i brillant.<\/p>\n","protected":false},"excerpt":{"rendered":"<p>Xamp\u00fa formulat espec\u00edficament per a cabells arrissats, amb oli de coco, provitamina B5 i elastina per nodrir, hidratar i definir els r\u00ednxols. Ajuda a controlar l\u2019encrespament,<span class=\"excerpt-hellip\"> [\u2026]<\/span><\/p>\n","protected":false},"featured_media":197065,"comment_status":"open","ping_status":"closed","template":"","meta":[],"product_cat":[8423,24329],"product_tag":[],"_links":{"self":[{"href":"https:\/\/www.laperlavalles.cat\/ca\/wp-json\/wp\/v2\/product\/197073"}],"collection":[{"href":"https:\/\/www.laperlavalles.cat\/ca\/wp-json\/wp\/v2\/product"}],"about":[{"href":"https:\/\/www.laperlavalles.cat\/ca\/wp-json\/wp\/v2\/types\/product"}],"replies":[{"embeddable":true,"href":"https:\/\/www.laperlavalles.cat\/ca\/wp-json\/wp\/v2\/comments?post=197073"}],"wp:featuredmedia":[{"embeddable":true,"href":"https:\/\/www.laperlavalles.cat\/ca\/wp-json\/wp\/v2\/media\/197065"}],"wp:attachment":[{"href":"https:\/\/www.laperlavalles.cat\/ca\/wp-json\/wp\/v2\/media?parent=197073"}],"wp:term":[{"taxonomy":"product_cat","embeddable":true,"href":"https:\/\/www.laperlavalles.cat\/ca\/wp-json\/wp\/v2\/product_cat?post=197073"},{"taxonomy":"product_tag","embeddable":true,"href":"https:\/\/www.laperlavalles.cat\/ca\/wp-json\/wp\/v2\/product_tag?post=197073"}],"curies":[{"name":"wp","href":"https:\/\/api.w.org\/{rel}","templated":true}]}}

SEDAL DEFINED CURLS XAMPÚ 400ML

<p>Xampú formulat específicament per a cabells arrissats, amb oli de coco, provitamina B5 i elastina per nodrir, hidratar i definir els rínxols. Ajuda a controlar l’encrespament, manté els rínxols hidratats i definits tot el dia i deixa el cabell suau i brillant.</p>

<p>Xampú formulat específicament per a cabells arrissats, amb oli de coco, provitamina B5 i elastina per nodrir, hidratar i definir els rínxols. Ajuda a controlar l’encrespament,<span class="excerpt-hellip"> […]</span></p>
