{"id":197153,"date":"2025-06-10T09:14:03","date_gmt":"2025-06-10T07:14:10","guid":{"rendered":"https:\/\/www.laperlavalles.cat\/product\/sedal-defined-curls-condicionador-350ml\/"},"modified":"2025-07-04T10:02:37","modified_gmt":"2025-07-04T08:02:37","slug":"sedal-defined-curls-condicionador-350ml","status":"publish","type":"product","link":"https:\/\/www.laperlavalles.cat\/ca\/producte\/sedal-defined-curls-condicionador-350ml\/","title":{"rendered":"SEDAL DEFINED CURLS CONDICIONADOR 350ML"},"content":{"rendered":"<p>Acondicionador formulat per a cabells arrissats, amb hidroelastina i agents hidratants que defineixen, nodreixen i mantenen els r\u00ednxols suaus i amb volum. Redueix l\u2019encrespament, controla els r\u00ednxols rebels i mant\u00e9 la hidrataci\u00f3 durant tot el dia. Deixa el cabell suau, brillant i f\u00e0cil de pentinar.<\/p>\n","protected":false},"excerpt":{"rendered":"<p>Acondicionador formulat per a cabells arrissats, amb hidroelastina i agents hidratants que defineixen, nodreixen i mantenen els r\u00ednxols suaus i amb volum. Redueix l\u2019encrespament, controla els<span class=\"excerpt-hellip\"> [\u2026]<\/span><\/p>\n","protected":false},"featured_media":197145,"comment_status":"open","ping_status":"closed","template":"","meta":[],"product_cat":[8423,24329],"product_tag":[],"_links":{"self":[{"href":"https:\/\/www.laperlavalles.cat\/ca\/wp-json\/wp\/v2\/product\/197153"}],"collection":[{"href":"https:\/\/www.laperlavalles.cat\/ca\/wp-json\/wp\/v2\/product"}],"about":[{"href":"https:\/\/www.laperlavalles.cat\/ca\/wp-json\/wp\/v2\/types\/product"}],"replies":[{"embeddable":true,"href":"https:\/\/www.laperlavalles.cat\/ca\/wp-json\/wp\/v2\/comments?post=197153"}],"wp:featuredmedia":[{"embeddable":true,"href":"https:\/\/www.laperlavalles.cat\/ca\/wp-json\/wp\/v2\/media\/197145"}],"wp:attachment":[{"href":"https:\/\/www.laperlavalles.cat\/ca\/wp-json\/wp\/v2\/media?parent=197153"}],"wp:term":[{"taxonomy":"product_cat","embeddable":true,"href":"https:\/\/www.laperlavalles.cat\/ca\/wp-json\/wp\/v2\/product_cat?post=197153"},{"taxonomy":"product_tag","embeddable":true,"href":"https:\/\/www.laperlavalles.cat\/ca\/wp-json\/wp\/v2\/product_tag?post=197153"}],"curies":[{"name":"wp","href":"https:\/\/api.w.org\/{rel}","templated":true}]}}

<p>Acondicionador formulat per a cabells arrissats, amb hidroelastina i agents hidratants que defineixen, nodreixen i mantenen els rínxols suaus i amb volum. Redueix l’encrespament, controla els rínxols rebels i manté la hidratació durant tot el dia. Deixa el cabell suau, brillant i fàcil de pentinar.</p>

<p>Acondicionador formulat per a cabells arrissats, amb hidroelastina i agents hidratants que defineixen, nodreixen i mantenen els rínxols suaus i amb volum. Redueix l’encrespament, controla els<span class="excerpt-hellip"> […]</span></p>
