{"id":197193,"date":"2025-06-10T09:17:16","date_gmt":"2025-06-10T07:17:22","guid":{"rendered":"https:\/\/www.laperlavalles.cat\/product\/sedal-perfect-straight-xampu-400ml\/"},"modified":"2025-07-02T15:02:42","modified_gmt":"2025-07-02T13:02:42","slug":"sedal-perfect-straight-xampu-400ml","status":"publish","type":"product","link":"https:\/\/www.laperlavalles.cat\/ca\/producte\/sedal-perfect-straight-xampu-400ml\/","title":{"rendered":"SEDAL PERFECT STRAIGHT XAMP\u00da 400ML"},"content":{"rendered":"<p>Xamp\u00fa formulat per a cabell llis, amb oli de macad\u00e0mia i prote\u00efna de seda, que neteja en profunditat i ajuda a mantenir el cabell suau, llis i sense encrespament. La seva f\u00f3rmula sense parabens ni colorants deixa el cabell brillant, manejable i amb moviment natural, ideal per a \u00fas diari<\/p>\n","protected":false},"excerpt":{"rendered":"<p>Xamp\u00fa formulat per a cabell llis, amb oli de macad\u00e0mia i prote\u00efna de seda, que neteja en profunditat i ajuda a mantenir el cabell suau, llis<span class=\"excerpt-hellip\"> [\u2026]<\/span><\/p>\n","protected":false},"featured_media":197185,"comment_status":"open","ping_status":"closed","template":"","meta":[],"product_cat":[8423,24329],"product_tag":[],"_links":{"self":[{"href":"https:\/\/www.laperlavalles.cat\/ca\/wp-json\/wp\/v2\/product\/197193"}],"collection":[{"href":"https:\/\/www.laperlavalles.cat\/ca\/wp-json\/wp\/v2\/product"}],"about":[{"href":"https:\/\/www.laperlavalles.cat\/ca\/wp-json\/wp\/v2\/types\/product"}],"replies":[{"embeddable":true,"href":"https:\/\/www.laperlavalles.cat\/ca\/wp-json\/wp\/v2\/comments?post=197193"}],"wp:featuredmedia":[{"embeddable":true,"href":"https:\/\/www.laperlavalles.cat\/ca\/wp-json\/wp\/v2\/media\/197185"}],"wp:attachment":[{"href":"https:\/\/www.laperlavalles.cat\/ca\/wp-json\/wp\/v2\/media?parent=197193"}],"wp:term":[{"taxonomy":"product_cat","embeddable":true,"href":"https:\/\/www.laperlavalles.cat\/ca\/wp-json\/wp\/v2\/product_cat?post=197193"},{"taxonomy":"product_tag","embeddable":true,"href":"https:\/\/www.laperlavalles.cat\/ca\/wp-json\/wp\/v2\/product_tag?post=197193"}],"curies":[{"name":"wp","href":"https:\/\/api.w.org\/{rel}","templated":true}]}}

SEDAL PERFECT STRAIGHT XAMPÚ 400ML

<p>Xampú formulat per a cabell llis, amb oli de macadàmia i proteïna de seda, que neteja en profunditat i ajuda a mantenir el cabell suau, llis i sense encrespament. La seva fórmula sense parabens ni colorants deixa el cabell brillant, manejable i amb moviment natural, ideal per a ús diari</p>

<p>Xampú formulat per a cabell llis, amb oli de macadàmia i proteïna de seda, que neteja en profunditat i ajuda a mantenir el cabell suau, llis<span class="excerpt-hellip"> […]</span></p>
