{"id":197918,"date":"2025-06-10T10:45:06","date_gmt":"2025-06-10T08:45:06","guid":{"rendered":"https:\/\/www.laperlavalles.cat\/product\/caldo-calnort-pollo-250g-3\/"},"modified":"2025-06-10T10:45:06","modified_gmt":"2025-06-10T08:45:06","slug":"caldo-calnort-pollo-250g-3","status":"publish","type":"product","link":"https:\/\/www.laperlavalles.cat\/ca\/producte\/caldo-calnort-pollo-250g-3\/","title":{"rendered":"CALDO CALNORT POLLO 250G"},"content":{"rendered":"<p>Caldo de pollastre en pols, sense gluten i certificat halal, ideal per enriquir sopes, arrossos, guisats i salses. Elaborat amb ingredients deshidratats com pollastre, esp\u00e8cies i aromes naturals, es dissol f\u00e0cilment i aporta un sabor intens i aut\u00e8ntic de pollastre als plats. Format pr\u00e0ctic de 250 g, amb rendiment per a uns 12,5 litres (20 g per litre)<\/p>\n","protected":false},"excerpt":{"rendered":"<p>Caldo de pollastre en pols, sense gluten i certificat halal, ideal per enriquir sopes, arrossos, guisats i salses. Elaborat amb ingredients deshidratats com pollastre, esp\u00e8cies i<span class=\"excerpt-hellip\"> [\u2026]<\/span><\/p>\n","protected":false},"featured_media":197914,"comment_status":"open","ping_status":"closed","template":"","meta":[],"product_cat":[36],"product_tag":[],"_links":{"self":[{"href":"https:\/\/www.laperlavalles.cat\/ca\/wp-json\/wp\/v2\/product\/197918"}],"collection":[{"href":"https:\/\/www.laperlavalles.cat\/ca\/wp-json\/wp\/v2\/product"}],"about":[{"href":"https:\/\/www.laperlavalles.cat\/ca\/wp-json\/wp\/v2\/types\/product"}],"replies":[{"embeddable":true,"href":"https:\/\/www.laperlavalles.cat\/ca\/wp-json\/wp\/v2\/comments?post=197918"}],"wp:featuredmedia":[{"embeddable":true,"href":"https:\/\/www.laperlavalles.cat\/ca\/wp-json\/wp\/v2\/media\/197914"}],"wp:attachment":[{"href":"https:\/\/www.laperlavalles.cat\/ca\/wp-json\/wp\/v2\/media?parent=197918"}],"wp:term":[{"taxonomy":"product_cat","embeddable":true,"href":"https:\/\/www.laperlavalles.cat\/ca\/wp-json\/wp\/v2\/product_cat?post=197918"},{"taxonomy":"product_tag","embeddable":true,"href":"https:\/\/www.laperlavalles.cat\/ca\/wp-json\/wp\/v2\/product_tag?post=197918"}],"curies":[{"name":"wp","href":"https:\/\/api.w.org\/{rel}","templated":true}]}}

<p>Caldo de pollastre en pols, sense gluten i certificat halal, ideal per enriquir sopes, arrossos, guisats i salses. Elaborat amb ingredients deshidratats com pollastre, espècies i aromes naturals, es dissol fàcilment i aporta un sabor intens i autèntic de pollastre als plats. Format pràctic de 250 g, amb rendiment per a uns 12,5 litres (20 g per litre)</p>

<p>Caldo de pollastre en pols, sense gluten i certificat halal, ideal per enriquir sopes, arrossos, guisats i salses. Elaborat amb ingredients deshidratats com pollastre, espècies i<span class="excerpt-hellip"> […]</span></p>
