{"id":198543,"date":"2025-06-10T11:32:38","date_gmt":"2025-06-10T09:32:44","guid":{"rendered":"https:\/\/www.laperlavalles.cat\/product\/vaselina-balsam-labial-original-7g\/"},"modified":"2025-07-01T09:51:43","modified_gmt":"2025-07-01T07:51:43","slug":"vaselina-balsam-labial-original-7g","status":"publish","type":"product","link":"https:\/\/www.laperlavalles.cat\/ca\/producte\/vaselina-balsam-labial-original-7g\/","title":{"rendered":"VASELINA B\u00c0LSAM LABIAL ORIGINAL 7G"},"content":{"rendered":"<p>B\u00e0lsam labial en format petit, formulat amb vaselina pura, ideal per hidratar, suavitzar i protegir els llavis secs o esquerdats. Proporciona alleujament instantani, segella la humitat i ajuda a prevenir la deshidrataci\u00f3 i la irritaci\u00f3. La seva textura no grassa ni enganxosa el fa perfecte per a \u00fas diari. Deixa els llavis amb un acabat natural i brillant, i \u00e9s apte per a tot tipus de pell. Pr\u00e0ctic per portar a la butxaca o la bossa.<\/p>\n","protected":false},"excerpt":{"rendered":"<p>B\u00e0lsam labial en format petit, formulat amb vaselina pura, ideal per hidratar, suavitzar i protegir els llavis secs o esquerdats. Proporciona alleujament instantani, segella la humitat<span class=\"excerpt-hellip\"> [\u2026]<\/span><\/p>\n","protected":false},"featured_media":198535,"comment_status":"open","ping_status":"closed","template":"","meta":[],"product_cat":[8423,8522],"product_tag":[],"_links":{"self":[{"href":"https:\/\/www.laperlavalles.cat\/ca\/wp-json\/wp\/v2\/product\/198543"}],"collection":[{"href":"https:\/\/www.laperlavalles.cat\/ca\/wp-json\/wp\/v2\/product"}],"about":[{"href":"https:\/\/www.laperlavalles.cat\/ca\/wp-json\/wp\/v2\/types\/product"}],"replies":[{"embeddable":true,"href":"https:\/\/www.laperlavalles.cat\/ca\/wp-json\/wp\/v2\/comments?post=198543"}],"wp:featuredmedia":[{"embeddable":true,"href":"https:\/\/www.laperlavalles.cat\/ca\/wp-json\/wp\/v2\/media\/198535"}],"wp:attachment":[{"href":"https:\/\/www.laperlavalles.cat\/ca\/wp-json\/wp\/v2\/media?parent=198543"}],"wp:term":[{"taxonomy":"product_cat","embeddable":true,"href":"https:\/\/www.laperlavalles.cat\/ca\/wp-json\/wp\/v2\/product_cat?post=198543"},{"taxonomy":"product_tag","embeddable":true,"href":"https:\/\/www.laperlavalles.cat\/ca\/wp-json\/wp\/v2\/product_tag?post=198543"}],"curies":[{"name":"wp","href":"https:\/\/api.w.org\/{rel}","templated":true}]}}

VASELINA BÀLSAM LABIAL ORIGINAL 7G

<p>Bàlsam labial en format petit, formulat amb vaselina pura, ideal per hidratar, suavitzar i protegir els llavis secs o esquerdats. Proporciona alleujament instantani, segella la humitat i ajuda a prevenir la deshidratació i la irritació. La seva textura no grassa ni enganxosa el fa perfecte per a ús diari. Deixa els llavis amb un acabat natural i brillant, i és apte per a tot tipus de pell. Pràctic per portar a la butxaca o la bossa.</p>

<p>Bàlsam labial en format petit, formulat amb vaselina pura, ideal per hidratar, suavitzar i protegir els llavis secs o esquerdats. Proporciona alleujament instantani, segella la humitat<span class="excerpt-hellip"> […]</span></p>
