{"id":198563,"date":"2025-06-10T11:33:41","date_gmt":"2025-06-10T09:33:47","guid":{"rendered":"https:\/\/www.laperlavalles.cat\/product\/vaselina-balsam-labial-original-48g\/"},"modified":"2025-07-01T09:42:29","modified_gmt":"2025-07-01T07:42:29","slug":"vaselina-balsam-labial-original-48g","status":"publish","type":"product","link":"https:\/\/www.laperlavalles.cat\/ca\/producte\/vaselina-balsam-labial-original-48g\/","title":{"rendered":"VASELINA B\u00c0LSAM LABIAL ORIGINAL 4,8G"},"content":{"rendered":"<p>B\u00e0lsam labial en barra amb vaselina pura, especialment formulat per hidratar, protegir i suavitzar els llavis secs o esquerdats. Proporciona una hidrataci\u00f3 essencial, segella la humitat i deixa els llavis amb una sensaci\u00f3 suau i saludable. La seva f\u00f3rmula, enriquida amb vitamina E, mantega de karit\u00e9 i oli d\u2019alvocat, nodreix i repara, aportant alleujament immediat i protecci\u00f3 duradora. Textura lleugera, no grassa ni enganxosa, perfecta per a \u00fas diari i per portar c\u00f2modament a la butxaca o la bossa<\/p>\n","protected":false},"excerpt":{"rendered":"<p>B\u00e0lsam labial en barra amb vaselina pura, especialment formulat per hidratar, protegir i suavitzar els llavis secs o esquerdats. Proporciona una hidrataci\u00f3 essencial, segella la humitat<span class=\"excerpt-hellip\"> [\u2026]<\/span><\/p>\n","protected":false},"featured_media":198555,"comment_status":"open","ping_status":"closed","template":"","meta":[],"product_cat":[8423,8522],"product_tag":[],"_links":{"self":[{"href":"https:\/\/www.laperlavalles.cat\/ca\/wp-json\/wp\/v2\/product\/198563"}],"collection":[{"href":"https:\/\/www.laperlavalles.cat\/ca\/wp-json\/wp\/v2\/product"}],"about":[{"href":"https:\/\/www.laperlavalles.cat\/ca\/wp-json\/wp\/v2\/types\/product"}],"replies":[{"embeddable":true,"href":"https:\/\/www.laperlavalles.cat\/ca\/wp-json\/wp\/v2\/comments?post=198563"}],"wp:featuredmedia":[{"embeddable":true,"href":"https:\/\/www.laperlavalles.cat\/ca\/wp-json\/wp\/v2\/media\/198555"}],"wp:attachment":[{"href":"https:\/\/www.laperlavalles.cat\/ca\/wp-json\/wp\/v2\/media?parent=198563"}],"wp:term":[{"taxonomy":"product_cat","embeddable":true,"href":"https:\/\/www.laperlavalles.cat\/ca\/wp-json\/wp\/v2\/product_cat?post=198563"},{"taxonomy":"product_tag","embeddable":true,"href":"https:\/\/www.laperlavalles.cat\/ca\/wp-json\/wp\/v2\/product_tag?post=198563"}],"curies":[{"name":"wp","href":"https:\/\/api.w.org\/{rel}","templated":true}]}}

VASELINA BÀLSAM LABIAL ORIGINAL 4,8G

<p>Bàlsam labial en barra amb vaselina pura, especialment formulat per hidratar, protegir i suavitzar els llavis secs o esquerdats. Proporciona una hidratació essencial, segella la humitat i deixa els llavis amb una sensació suau i saludable. La seva fórmula, enriquida amb vitamina E, mantega de karité i oli d’alvocat, nodreix i repara, aportant alleujament immediat i protecció duradora. Textura lleugera, no grassa ni enganxosa, perfecta per a ús diari i per portar còmodament a la butxaca o la bossa</p>

<p>Bàlsam labial en barra amb vaselina pura, especialment formulat per hidratar, protegir i suavitzar els llavis secs o esquerdats. Proporciona una hidratació essencial, segella la humitat<span class="excerpt-hellip"> […]</span></p>
