{"id":198623,"date":"2025-06-11T08:00:49","date_gmt":"2025-06-11T06:00:56","guid":{"rendered":"https:\/\/www.laperlavalles.cat\/product\/vaselina-locio-corporal-advanced-repair-600ml\/"},"modified":"2025-09-22T12:12:50","modified_gmt":"2025-09-22T10:12:50","slug":"vaselina-locio-corporal-advanced-repair-600ml","status":"publish","type":"product","link":"https:\/\/www.laperlavalles.cat\/ca\/producte\/vaselina-locio-corporal-advanced-repair-600ml\/","title":{"rendered":"VASELINA LOCI\u00d3 CORPORAL ADVANCED REPAIR 600ML"},"content":{"rendered":"<p>Loci\u00f3 corporal intensiva per a pell molt seca, formulada amb microgotes de vaselina jelly i glicerina. Proporciona una hidrataci\u00f3 profunda i reparadora, ajudant a restaurar la barrera natural de la pell i alleujar la sequedat des de la primera aplicaci\u00f3. La seva textura lleugera i no greixosa s\u2019absorbeix r\u00e0pidament, deixant la pell suau, flexible i saludable. Cl\u00ednicament provada per reparar la pell molt seca en nom\u00e9s 5 dies i mantenir-la hidratada fins a 48 hores. Ideal per a \u00fas diari i per a pells sensibles.<\/p>\n","protected":false},"excerpt":{"rendered":"<p>Loci\u00f3 corporal intensiva per a pell molt seca, formulada amb microgotes de vaselina jelly i glicerina. Proporciona una hidrataci\u00f3 profunda i reparadora, ajudant a restaurar la<span class=\"excerpt-hellip\"> [\u2026]<\/span><\/p>\n","protected":false},"featured_media":198615,"comment_status":"open","ping_status":"closed","template":"","meta":[],"product_cat":[8423,8522],"product_tag":[],"_links":{"self":[{"href":"https:\/\/www.laperlavalles.cat\/ca\/wp-json\/wp\/v2\/product\/198623"}],"collection":[{"href":"https:\/\/www.laperlavalles.cat\/ca\/wp-json\/wp\/v2\/product"}],"about":[{"href":"https:\/\/www.laperlavalles.cat\/ca\/wp-json\/wp\/v2\/types\/product"}],"replies":[{"embeddable":true,"href":"https:\/\/www.laperlavalles.cat\/ca\/wp-json\/wp\/v2\/comments?post=198623"}],"wp:featuredmedia":[{"embeddable":true,"href":"https:\/\/www.laperlavalles.cat\/ca\/wp-json\/wp\/v2\/media\/198615"}],"wp:attachment":[{"href":"https:\/\/www.laperlavalles.cat\/ca\/wp-json\/wp\/v2\/media?parent=198623"}],"wp:term":[{"taxonomy":"product_cat","embeddable":true,"href":"https:\/\/www.laperlavalles.cat\/ca\/wp-json\/wp\/v2\/product_cat?post=198623"},{"taxonomy":"product_tag","embeddable":true,"href":"https:\/\/www.laperlavalles.cat\/ca\/wp-json\/wp\/v2\/product_tag?post=198623"}],"curies":[{"name":"wp","href":"https:\/\/api.w.org\/{rel}","templated":true}]}}

VASELINA LOCIÓ CORPORAL ADVANCED REPAIR 600ML

<p>Loció corporal intensiva per a pell molt seca, formulada amb microgotes de vaselina jelly i glicerina. Proporciona una hidratació profunda i reparadora, ajudant a restaurar la barrera natural de la pell i alleujar la sequedat des de la primera aplicació. La seva textura lleugera i no greixosa s’absorbeix ràpidament, deixant la pell suau, flexible i saludable. Clínicament provada per reparar la pell molt seca en només 5 dies i mantenir-la hidratada fins a 48 hores. Ideal per a ús diari i per a pells sensibles.</p>

<p>Loció corporal intensiva per a pell molt seca, formulada amb microgotes de vaselina jelly i glicerina. Proporciona una hidratació profunda i reparadora, ajudant a restaurar la<span class="excerpt-hellip"> […]</span></p>
