{"id":199023,"date":"2025-06-11T09:02:36","date_gmt":"2025-06-11T07:02:36","guid":{"rendered":"https:\/\/www.laperlavalles.cat\/product\/promolac-caldo-vegetal-1kg-2\/"},"modified":"2025-06-11T09:02:36","modified_gmt":"2025-06-11T07:02:36","slug":"promolac-caldo-vegetal-1kg-2","status":"publish","type":"product","link":"https:\/\/www.laperlavalles.cat\/ca\/producte\/promolac-caldo-vegetal-1kg-2\/","title":{"rendered":"PROMOLAC CALDO VEGETAL 1KG"},"content":{"rendered":"<p>Caldo vegetal en pols per a \u00fas professional, sense gluten ni al\u00b7l\u00e8rgens, ideal per enriquir sopes, arrossos, guisats i salses amb tot el sabor de les verdures. Es dissol f\u00e0cilment i \u00e9s apte per a dietes especials, sense lactosa ni conservants. Format hostaleria d\u20191 kg, amb rendiment per a uns 50 litres. Certificat halal segons la gamma Promolac<\/p>\n","protected":false},"excerpt":{"rendered":"<p>Caldo vegetal en pols per a \u00fas professional, sense gluten ni al\u00b7l\u00e8rgens, ideal per enriquir sopes, arrossos, guisats i salses amb tot el sabor de les<span class=\"excerpt-hellip\"> [\u2026]<\/span><\/p>\n","protected":false},"featured_media":199019,"comment_status":"open","ping_status":"closed","template":"","meta":[],"product_cat":[36],"product_tag":[],"_links":{"self":[{"href":"https:\/\/www.laperlavalles.cat\/ca\/wp-json\/wp\/v2\/product\/199023"}],"collection":[{"href":"https:\/\/www.laperlavalles.cat\/ca\/wp-json\/wp\/v2\/product"}],"about":[{"href":"https:\/\/www.laperlavalles.cat\/ca\/wp-json\/wp\/v2\/types\/product"}],"replies":[{"embeddable":true,"href":"https:\/\/www.laperlavalles.cat\/ca\/wp-json\/wp\/v2\/comments?post=199023"}],"wp:featuredmedia":[{"embeddable":true,"href":"https:\/\/www.laperlavalles.cat\/ca\/wp-json\/wp\/v2\/media\/199019"}],"wp:attachment":[{"href":"https:\/\/www.laperlavalles.cat\/ca\/wp-json\/wp\/v2\/media?parent=199023"}],"wp:term":[{"taxonomy":"product_cat","embeddable":true,"href":"https:\/\/www.laperlavalles.cat\/ca\/wp-json\/wp\/v2\/product_cat?post=199023"},{"taxonomy":"product_tag","embeddable":true,"href":"https:\/\/www.laperlavalles.cat\/ca\/wp-json\/wp\/v2\/product_tag?post=199023"}],"curies":[{"name":"wp","href":"https:\/\/api.w.org\/{rel}","templated":true}]}}

<p>Caldo vegetal en pols per a ús professional, sense gluten ni al·lèrgens, ideal per enriquir sopes, arrossos, guisats i salses amb tot el sabor de les verdures. Es dissol fàcilment i és apte per a dietes especials, sense lactosa ni conservants. Format hostaleria d’1 kg, amb rendiment per a uns 50 litres. Certificat halal segons la gamma Promolac</p>

<p>Caldo vegetal en pols per a ús professional, sense gluten ni al·lèrgens, ideal per enriquir sopes, arrossos, guisats i salses amb tot el sabor de les<span class="excerpt-hellip"> […]</span></p>
