{"id":199333,"date":"2025-06-11T09:35:00","date_gmt":"2025-06-11T07:35:00","guid":{"rendered":"https:\/\/www.laperlavalles.cat\/product\/promolac-caldo-vegetal-100p-3\/"},"modified":"2025-06-11T09:35:00","modified_gmt":"2025-06-11T07:35:00","slug":"promolac-caldo-vegetal-100p-3","status":"publish","type":"product","link":"https:\/\/www.laperlavalles.cat\/ca\/producte\/promolac-caldo-vegetal-100p-3\/","title":{"rendered":"PROMOLAC CALDO VEGETAL 100P"},"content":{"rendered":"<p>Caldo vegetal en pastilles, presentat en pot amb 100 unitats de 10 g cadascuna, ideal per a \u00fas professional o dom\u00e8stic. Sense gluten ni al\u00b7l\u00e8rgens segons la informaci\u00f3 de la gamma Promolac, apte per a dietes especials i certificat halal. Cada pastilla es dissol f\u00e0cilment i aporta un sabor intens i natural de verdures a sopes, arrossos, guisats i salses. Format pr\u00e0ctic i estalviador per a cuines de gran volum o \u00fas quotidi\u00e0. Apte per a vegans i vegetarians.<\/p>\n","protected":false},"excerpt":{"rendered":"<p>Caldo vegetal en pastilles, presentat en pot amb 100 unitats de 10 g cadascuna, ideal per a \u00fas professional o dom\u00e8stic. Sense gluten ni al\u00b7l\u00e8rgens segons<span class=\"excerpt-hellip\"> [\u2026]<\/span><\/p>\n","protected":false},"featured_media":199329,"comment_status":"open","ping_status":"closed","template":"","meta":[],"product_cat":[36],"product_tag":[],"_links":{"self":[{"href":"https:\/\/www.laperlavalles.cat\/ca\/wp-json\/wp\/v2\/product\/199333"}],"collection":[{"href":"https:\/\/www.laperlavalles.cat\/ca\/wp-json\/wp\/v2\/product"}],"about":[{"href":"https:\/\/www.laperlavalles.cat\/ca\/wp-json\/wp\/v2\/types\/product"}],"replies":[{"embeddable":true,"href":"https:\/\/www.laperlavalles.cat\/ca\/wp-json\/wp\/v2\/comments?post=199333"}],"wp:featuredmedia":[{"embeddable":true,"href":"https:\/\/www.laperlavalles.cat\/ca\/wp-json\/wp\/v2\/media\/199329"}],"wp:attachment":[{"href":"https:\/\/www.laperlavalles.cat\/ca\/wp-json\/wp\/v2\/media?parent=199333"}],"wp:term":[{"taxonomy":"product_cat","embeddable":true,"href":"https:\/\/www.laperlavalles.cat\/ca\/wp-json\/wp\/v2\/product_cat?post=199333"},{"taxonomy":"product_tag","embeddable":true,"href":"https:\/\/www.laperlavalles.cat\/ca\/wp-json\/wp\/v2\/product_tag?post=199333"}],"curies":[{"name":"wp","href":"https:\/\/api.w.org\/{rel}","templated":true}]}}

<p>Caldo vegetal en pastilles, presentat en pot amb 100 unitats de 10 g cadascuna, ideal per a ús professional o domèstic. Sense gluten ni al·lèrgens segons la informació de la gamma Promolac, apte per a dietes especials i certificat halal. Cada pastilla es dissol fàcilment i aporta un sabor intens i natural de verdures a sopes, arrossos, guisats i salses. Format pràctic i estalviador per a cuines de gran volum o ús quotidià. Apte per a vegans i vegetarians.</p>

<p>Caldo vegetal en pastilles, presentat en pot amb 100 unitats de 10 g cadascuna, ideal per a ús professional o domèstic. Sense gluten ni al·lèrgens segons<span class="excerpt-hellip"> […]</span></p>
