{"id":199818,"date":"2025-06-11T10:20:12","date_gmt":"2025-06-11T08:20:12","guid":{"rendered":"https:\/\/www.laperlavalles.cat\/product\/arros-sushi-kumaki-1kg-7\/"},"modified":"2025-06-11T10:20:12","modified_gmt":"2025-06-11T08:20:12","slug":"arros-sushi-kumaki-1kg-7","status":"publish","type":"product","link":"https:\/\/www.laperlavalles.cat\/ca\/producte\/arros-sushi-kumaki-1kg-7\/","title":{"rendered":"ARR\u00d2S SUSHI KUMAKI 1KG"},"content":{"rendered":"<p>Arr\u00f2s de sushi Kumaki d\u2019alta qualitat, elaborat amb gra curt seleccionat per la seva textura lleugerament enganxosa i sabor suau. Ideal per preparar sushi, makis i nigiris, els grans es mantenen units i absorbeixen perfectament el vinagre i els condiments t\u00edpics de la cuina asi\u00e0tica. La marca Kumaki garanteix una qualitat superior, perfecta tant per a cuina asi\u00e0tica casolana com professional.<\/p>\n","protected":false},"excerpt":{"rendered":"<p>Arr\u00f2s de sushi Kumaki d\u2019alta qualitat, elaborat amb gra curt seleccionat per la seva textura lleugerament enganxosa i sabor suau. Ideal per preparar sushi, makis i<span class=\"excerpt-hellip\"> [\u2026]<\/span><\/p>\n","protected":false},"featured_media":199814,"comment_status":"open","ping_status":"closed","template":"","meta":[],"product_cat":[8417,8532],"product_tag":[],"_links":{"self":[{"href":"https:\/\/www.laperlavalles.cat\/ca\/wp-json\/wp\/v2\/product\/199818"}],"collection":[{"href":"https:\/\/www.laperlavalles.cat\/ca\/wp-json\/wp\/v2\/product"}],"about":[{"href":"https:\/\/www.laperlavalles.cat\/ca\/wp-json\/wp\/v2\/types\/product"}],"replies":[{"embeddable":true,"href":"https:\/\/www.laperlavalles.cat\/ca\/wp-json\/wp\/v2\/comments?post=199818"}],"wp:featuredmedia":[{"embeddable":true,"href":"https:\/\/www.laperlavalles.cat\/ca\/wp-json\/wp\/v2\/media\/199814"}],"wp:attachment":[{"href":"https:\/\/www.laperlavalles.cat\/ca\/wp-json\/wp\/v2\/media?parent=199818"}],"wp:term":[{"taxonomy":"product_cat","embeddable":true,"href":"https:\/\/www.laperlavalles.cat\/ca\/wp-json\/wp\/v2\/product_cat?post=199818"},{"taxonomy":"product_tag","embeddable":true,"href":"https:\/\/www.laperlavalles.cat\/ca\/wp-json\/wp\/v2\/product_tag?post=199818"}],"curies":[{"name":"wp","href":"https:\/\/api.w.org\/{rel}","templated":true}]}}

ARRÒS SUSHI KUMAKI 1KG

<p>Arròs de sushi Kumaki d’alta qualitat, elaborat amb gra curt seleccionat per la seva textura lleugerament enganxosa i sabor suau. Ideal per preparar sushi, makis i nigiris, els grans es mantenen units i absorbeixen perfectament el vinagre i els condiments típics de la cuina asiàtica. La marca Kumaki garanteix una qualitat superior, perfecta tant per a cuina asiàtica casolana com professional.</p>

<p>Arròs de sushi Kumaki d’alta qualitat, elaborat amb gra curt seleccionat per la seva textura lleugerament enganxosa i sabor suau. Ideal per preparar sushi, makis i<span class="excerpt-hellip"> […]</span></p>
