{"id":200348,"date":"2025-06-11T10:54:19","date_gmt":"2025-06-11T08:54:25","guid":{"rendered":"https:\/\/www.laperlavalles.cat\/product\/sabo-lux-aqua-sparkle-80g\/"},"modified":"2025-06-11T14:53:07","modified_gmt":"2025-06-11T12:53:07","slug":"sabo-lux-aqua-sparkle-80g","status":"publish","type":"product","link":"https:\/\/www.laperlavalles.cat\/ca\/producte\/sabo-lux-aqua-sparkle-80g\/","title":{"rendered":"SAB\u00d3 LUX AQUA SPARKLE 80G"},"content":{"rendered":"<p>Sab\u00f3 en pastilla amb aroma d\u2019almizcle floral i oli de menta, formulat amb glicerina, extractes de jazm\u00edn i rosa, i olis essencials de lotus, palmarosa i menta. Neteja suaument, elimina impureses i exc\u00e9s de greix, i deixa la pell suau, fresca i lleugerament perfumada amb una frag\u00e0ncia revitalitzant. La seva escuma cremosa i delicada mant\u00e9 la hidrataci\u00f3 natural de la pell. Apte per a \u00fas diari i per a tot tipus de pell. El seu color blau i aparen\u00e7a elegant aporten un toc est\u00e8tic al bany.<\/p>\n","protected":false},"excerpt":{"rendered":"<p>Sab\u00f3 en pastilla amb aroma d\u2019almizcle floral i oli de menta, formulat amb glicerina, extractes de jazm\u00edn i rosa, i olis essencials de lotus, palmarosa i<span class=\"excerpt-hellip\"> [\u2026]<\/span><\/p>\n","protected":false},"featured_media":200340,"comment_status":"open","ping_status":"closed","template":"","meta":[],"product_cat":[8423,8522],"product_tag":[],"_links":{"self":[{"href":"https:\/\/www.laperlavalles.cat\/ca\/wp-json\/wp\/v2\/product\/200348"}],"collection":[{"href":"https:\/\/www.laperlavalles.cat\/ca\/wp-json\/wp\/v2\/product"}],"about":[{"href":"https:\/\/www.laperlavalles.cat\/ca\/wp-json\/wp\/v2\/types\/product"}],"replies":[{"embeddable":true,"href":"https:\/\/www.laperlavalles.cat\/ca\/wp-json\/wp\/v2\/comments?post=200348"}],"wp:featuredmedia":[{"embeddable":true,"href":"https:\/\/www.laperlavalles.cat\/ca\/wp-json\/wp\/v2\/media\/200340"}],"wp:attachment":[{"href":"https:\/\/www.laperlavalles.cat\/ca\/wp-json\/wp\/v2\/media?parent=200348"}],"wp:term":[{"taxonomy":"product_cat","embeddable":true,"href":"https:\/\/www.laperlavalles.cat\/ca\/wp-json\/wp\/v2\/product_cat?post=200348"},{"taxonomy":"product_tag","embeddable":true,"href":"https:\/\/www.laperlavalles.cat\/ca\/wp-json\/wp\/v2\/product_tag?post=200348"}],"curies":[{"name":"wp","href":"https:\/\/api.w.org\/{rel}","templated":true}]}}

SABÓ LUX AQUA SPARKLE 80G

<p>Sabó en pastilla amb aroma d’almizcle floral i oli de menta, formulat amb glicerina, extractes de jazmín i rosa, i olis essencials de lotus, palmarosa i menta. Neteja suaument, elimina impureses i excés de greix, i deixa la pell suau, fresca i lleugerament perfumada amb una fragància revitalitzant. La seva escuma cremosa i delicada manté la hidratació natural de la pell. Apte per a ús diari i per a tot tipus de pell. El seu color blau i aparença elegant aporten un toc estètic al bany.</p>

<p>Sabó en pastilla amb aroma d’almizcle floral i oli de menta, formulat amb glicerina, extractes de jazmín i rosa, i olis essencials de lotus, palmarosa i<span class="excerpt-hellip"> […]</span></p>
