{"id":200368,"date":"2025-06-11T10:55:40","date_gmt":"2025-06-11T08:55:47","guid":{"rendered":"https:\/\/www.laperlavalles.cat\/product\/sabo-lux-velvet-touch-80g\/"},"modified":"2025-06-11T14:54:30","modified_gmt":"2025-06-11T12:54:30","slug":"sabo-lux-velvet-touch-80g","status":"publish","type":"product","link":"https:\/\/www.laperlavalles.cat\/ca\/producte\/sabo-lux-velvet-touch-80g\/","title":{"rendered":"SAB\u00d3 LUX VELVET TOUCH 80G"},"content":{"rendered":"<p>Sab\u00f3 en pastilla enriquit amb oli d\u2019ametlla i extracte de gessam\u00ed, formulat per netejar suaument la pell i deixar-la suau, hidratada i delicadament perfumada. La seva escuma cremosa elimina impureses sense ressecar, mentre la glicerina i els olis vegetals ajuden a mantenir la humitat natural de la pell. Frag\u00e0ncia floral amb notes de gessam\u00ed i ametlla, aportant una sensaci\u00f3 de luxe i benestar a cada bany. Color crema o blanc suau, disseny elegant i apte per a \u00fas diari i tot tipus de pell. Sense olis minerals, parabens ni silicones.<\/p>\n","protected":false},"excerpt":{"rendered":"<p>Sab\u00f3 en pastilla enriquit amb oli d\u2019ametlla i extracte de gessam\u00ed, formulat per netejar suaument la pell i deixar-la suau, hidratada i delicadament perfumada. La seva<span class=\"excerpt-hellip\"> [\u2026]<\/span><\/p>\n","protected":false},"featured_media":200360,"comment_status":"open","ping_status":"closed","template":"","meta":[],"product_cat":[8423,8522],"product_tag":[],"_links":{"self":[{"href":"https:\/\/www.laperlavalles.cat\/ca\/wp-json\/wp\/v2\/product\/200368"}],"collection":[{"href":"https:\/\/www.laperlavalles.cat\/ca\/wp-json\/wp\/v2\/product"}],"about":[{"href":"https:\/\/www.laperlavalles.cat\/ca\/wp-json\/wp\/v2\/types\/product"}],"replies":[{"embeddable":true,"href":"https:\/\/www.laperlavalles.cat\/ca\/wp-json\/wp\/v2\/comments?post=200368"}],"wp:featuredmedia":[{"embeddable":true,"href":"https:\/\/www.laperlavalles.cat\/ca\/wp-json\/wp\/v2\/media\/200360"}],"wp:attachment":[{"href":"https:\/\/www.laperlavalles.cat\/ca\/wp-json\/wp\/v2\/media?parent=200368"}],"wp:term":[{"taxonomy":"product_cat","embeddable":true,"href":"https:\/\/www.laperlavalles.cat\/ca\/wp-json\/wp\/v2\/product_cat?post=200368"},{"taxonomy":"product_tag","embeddable":true,"href":"https:\/\/www.laperlavalles.cat\/ca\/wp-json\/wp\/v2\/product_tag?post=200368"}],"curies":[{"name":"wp","href":"https:\/\/api.w.org\/{rel}","templated":true}]}}

SABÓ LUX VELVET TOUCH 80G

<p>Sabó en pastilla enriquit amb oli d’ametlla i extracte de gessamí, formulat per netejar suaument la pell i deixar-la suau, hidratada i delicadament perfumada. La seva escuma cremosa elimina impureses sense ressecar, mentre la glicerina i els olis vegetals ajuden a mantenir la humitat natural de la pell. Fragància floral amb notes de gessamí i ametlla, aportant una sensació de luxe i benestar a cada bany. Color crema o blanc suau, disseny elegant i apte per a ús diari i tot tipus de pell. Sense olis minerals, parabens ni silicones.</p>

<p>Sabó en pastilla enriquit amb oli d’ametlla i extracte de gessamí, formulat per netejar suaument la pell i deixar-la suau, hidratada i delicadament perfumada. La seva<span class="excerpt-hellip"> […]</span></p>
