{"id":200408,"date":"2025-06-11T10:58:18","date_gmt":"2025-06-11T08:58:26","guid":{"rendered":"https:\/\/www.laperlavalles.cat\/product\/arros-basmatic-lal-qilla-jollof-5kg\/"},"modified":"2025-06-11T14:57:10","modified_gmt":"2025-06-11T12:57:10","slug":"arros-basmatic-lal-qilla-jollof-5kg","status":"publish","type":"product","link":"https:\/\/www.laperlavalles.cat\/ca\/producte\/arros-basmatic-lal-qilla-jollof-5kg\/","title":{"rendered":"ARR\u00d2S BASM\u00c0TIC LAL QILLA JOLLOF 5KG"},"content":{"rendered":"<p>Arr\u00f2s basm\u00e0tic d\u2019origen indi, de gra extra llarg i textura ferma, ideal per a plats arom\u00e0tics com el jollof, cusc\u00fas o biryani. El Lal Qilla destaca pel seu sabor suau, aroma perfumat i gran capacitat d\u2019absorci\u00f3 de sabors. No cont\u00e9 gluten i \u00e9s baix en greixos, aportant energia i lleugeresa als plats. Format de 5 kg, perfecte per a \u00fas familiar o professional<\/p>\n","protected":false},"excerpt":{"rendered":"<p>Arr\u00f2s basm\u00e0tic d\u2019origen indi, de gra extra llarg i textura ferma, ideal per a plats arom\u00e0tics com el jollof, cusc\u00fas o biryani. El Lal Qilla destaca<span class=\"excerpt-hellip\"> [\u2026]<\/span><\/p>\n","protected":false},"featured_media":200400,"comment_status":"open","ping_status":"closed","template":"","meta":[],"product_cat":[8417,8532],"product_tag":[],"_links":{"self":[{"href":"https:\/\/www.laperlavalles.cat\/ca\/wp-json\/wp\/v2\/product\/200408"}],"collection":[{"href":"https:\/\/www.laperlavalles.cat\/ca\/wp-json\/wp\/v2\/product"}],"about":[{"href":"https:\/\/www.laperlavalles.cat\/ca\/wp-json\/wp\/v2\/types\/product"}],"replies":[{"embeddable":true,"href":"https:\/\/www.laperlavalles.cat\/ca\/wp-json\/wp\/v2\/comments?post=200408"}],"wp:featuredmedia":[{"embeddable":true,"href":"https:\/\/www.laperlavalles.cat\/ca\/wp-json\/wp\/v2\/media\/200400"}],"wp:attachment":[{"href":"https:\/\/www.laperlavalles.cat\/ca\/wp-json\/wp\/v2\/media?parent=200408"}],"wp:term":[{"taxonomy":"product_cat","embeddable":true,"href":"https:\/\/www.laperlavalles.cat\/ca\/wp-json\/wp\/v2\/product_cat?post=200408"},{"taxonomy":"product_tag","embeddable":true,"href":"https:\/\/www.laperlavalles.cat\/ca\/wp-json\/wp\/v2\/product_tag?post=200408"}],"curies":[{"name":"wp","href":"https:\/\/api.w.org\/{rel}","templated":true}]}}

ARRÒS BASMÀTIC LAL QILLA JOLLOF 5KG

<p>Arròs basmàtic d’origen indi, de gra extra llarg i textura ferma, ideal per a plats aromàtics com el jollof, cuscús o biryani. El Lal Qilla destaca pel seu sabor suau, aroma perfumat i gran capacitat d’absorció de sabors. No conté gluten i és baix en greixos, aportant energia i lleugeresa als plats. Format de 5 kg, perfecte per a ús familiar o professional</p>

<p>Arròs basmàtic d’origen indi, de gra extra llarg i textura ferma, ideal per a plats aromàtics com el jollof, cuscús o biryani. El Lal Qilla destaca<span class="excerpt-hellip"> […]</span></p>
