{"id":200448,"date":"2025-06-11T11:00:55","date_gmt":"2025-06-11T09:00:55","guid":{"rendered":"https:\/\/www.laperlavalles.cat\/product\/blat-semola-mitjana-ebrotrigo-5kg-2\/"},"modified":"2025-06-11T11:00:55","modified_gmt":"2025-06-11T09:00:55","slug":"blat-semola-mitjana-ebrotrigo-5kg-2","status":"publish","type":"product","link":"https:\/\/www.laperlavalles.cat\/ca\/producte\/blat-semola-mitjana-ebrotrigo-5kg-2\/","title":{"rendered":"BLAT &#8211; S\u00c8MOLA MITJANA EBROTRIGO 5KG"},"content":{"rendered":"<p>S\u00e8mola de blat de granulometria mitjana, obtinguda de blat dur i amb color groc uniforme. Ideal per preparar cusc\u00fas, migas, sopes, arrebossats i postres tradicionals. Aporta textura, sabor i energia als plats, i \u00e9s rica en hidrats de carboni i minerals. Apte per a cuina professional o familiar. Cont\u00e9 gluten.<\/p>\n","protected":false},"excerpt":{"rendered":"<p>S\u00e8mola de blat de granulometria mitjana, obtinguda de blat dur i amb color groc uniforme. Ideal per preparar cusc\u00fas, migas, sopes, arrebossats i postres tradicionals. Aporta<span class=\"excerpt-hellip\"> [\u2026]<\/span><\/p>\n","protected":false},"featured_media":200444,"comment_status":"open","ping_status":"closed","template":"","meta":[],"product_cat":[8508,8418],"product_tag":[],"_links":{"self":[{"href":"https:\/\/www.laperlavalles.cat\/ca\/wp-json\/wp\/v2\/product\/200448"}],"collection":[{"href":"https:\/\/www.laperlavalles.cat\/ca\/wp-json\/wp\/v2\/product"}],"about":[{"href":"https:\/\/www.laperlavalles.cat\/ca\/wp-json\/wp\/v2\/types\/product"}],"replies":[{"embeddable":true,"href":"https:\/\/www.laperlavalles.cat\/ca\/wp-json\/wp\/v2\/comments?post=200448"}],"wp:featuredmedia":[{"embeddable":true,"href":"https:\/\/www.laperlavalles.cat\/ca\/wp-json\/wp\/v2\/media\/200444"}],"wp:attachment":[{"href":"https:\/\/www.laperlavalles.cat\/ca\/wp-json\/wp\/v2\/media?parent=200448"}],"wp:term":[{"taxonomy":"product_cat","embeddable":true,"href":"https:\/\/www.laperlavalles.cat\/ca\/wp-json\/wp\/v2\/product_cat?post=200448"},{"taxonomy":"product_tag","embeddable":true,"href":"https:\/\/www.laperlavalles.cat\/ca\/wp-json\/wp\/v2\/product_tag?post=200448"}],"curies":[{"name":"wp","href":"https:\/\/api.w.org\/{rel}","templated":true}]}}

BLAT &#8211; SÈMOLA MITJANA EBROTRIGO 5KG

<p>Sèmola de blat de granulometria mitjana, obtinguda de blat dur i amb color groc uniforme. Ideal per preparar cuscús, migas, sopes, arrebossats i postres tradicionals. Aporta textura, sabor i energia als plats, i és rica en hidrats de carboni i minerals. Apte per a cuina professional o familiar. Conté gluten.</p>

<p>Sèmola de blat de granulometria mitjana, obtinguda de blat dur i amb color groc uniforme. Ideal per preparar cuscús, migas, sopes, arrebossats i postres tradicionals. Aporta<span class="excerpt-hellip"> […]</span></p>
