{"id":60200,"date":"2021-07-12T19:05:31","date_gmt":"2021-07-12T17:05:35","guid":{"rendered":"https:\/\/www.laperlavalles2.bcntic.com\/product\/mongeta-vermella\/"},"modified":"2023-06-23T11:42:57","modified_gmt":"2023-06-23T09:42:57","slug":"mongeta-vermella","status":"publish","type":"product","link":"https:\/\/www.laperlavalles.cat\/ca\/producte\/mongeta-vermella\/","title":{"rendered":"MONGETA VERMELLA"},"content":{"rendered":"<p>Mongeta vermella. La Perla \u00e9s importador i distribu\u00efdor de llegums i fruits secs arreu del m\u00f3n.<\/p>\n","protected":false},"excerpt":{"rendered":"<p>Mongeta vermella. La Perla \u00e9s importador i distribu\u00efdor de llegums i fruits secs arreu del m\u00f3n.<\/p>\n","protected":false},"featured_media":167046,"comment_status":"open","ping_status":"closed","template":"","meta":[],"product_cat":[8416],"product_tag":[],"_links":{"self":[{"href":"https:\/\/www.laperlavalles.cat\/ca\/wp-json\/wp\/v2\/product\/60200"}],"collection":[{"href":"https:\/\/www.laperlavalles.cat\/ca\/wp-json\/wp\/v2\/product"}],"about":[{"href":"https:\/\/www.laperlavalles.cat\/ca\/wp-json\/wp\/v2\/types\/product"}],"replies":[{"embeddable":true,"href":"https:\/\/www.laperlavalles.cat\/ca\/wp-json\/wp\/v2\/comments?post=60200"}],"wp:featuredmedia":[{"embeddable":true,"href":"https:\/\/www.laperlavalles.cat\/ca\/wp-json\/wp\/v2\/media\/167046"}],"wp:attachment":[{"href":"https:\/\/www.laperlavalles.cat\/ca\/wp-json\/wp\/v2\/media?parent=60200"}],"wp:term":[{"taxonomy":"product_cat","embeddable":true,"href":"https:\/\/www.laperlavalles.cat\/ca\/wp-json\/wp\/v2\/product_cat?post=60200"},{"taxonomy":"product_tag","embeddable":true,"href":"https:\/\/www.laperlavalles.cat\/ca\/wp-json\/wp\/v2\/product_tag?post=60200"}],"curies":[{"name":"wp","href":"https:\/\/api.w.org\/{rel}","templated":true}]}}

<p>Mongeta vermella. La Perla és importador i distribuïdor de llegums i fruits secs arreu del món.</p>
